Last updated on 2025-10-22 05:51:16 CEST.
Flavor | Version | Tinstall | Tcheck | Ttotal | Status | Flags |
---|---|---|---|---|---|---|
r-devel-linux-x86_64-debian-clang | 1.6-1 | 4.18 | 57.92 | 62.10 | NOTE | |
r-devel-linux-x86_64-debian-gcc | 1.6-1 | 3.02 | 43.13 | 46.15 | NOTE | |
r-devel-linux-x86_64-fedora-clang | 1.6-1 | 11.00 | 81.31 | 92.31 | OK | |
r-devel-linux-x86_64-fedora-gcc | 1.6-1 | 100.39 | OK | |||
r-devel-windows-x86_64 | 1.6-1 | 7.00 | 96.00 | 103.00 | OK | |
r-patched-linux-x86_64 | 1.6-1 | 4.34 | 53.66 | 58.00 | OK | |
r-release-linux-x86_64 | 1.6-1 | 3.44 | 53.43 | 56.87 | OK | |
r-release-macos-arm64 | 1.6-1 | 2.00 | 31.00 | 33.00 | OK | |
r-release-macos-x86_64 | 1.6-1 | 3.00 | 74.00 | 77.00 | OK | |
r-release-windows-x86_64 | 1.6-1 | 10.00 | 124.00 | 134.00 | OK | |
r-oldrel-macos-arm64 | 1.6-1 | 1.00 | 37.00 | 38.00 | OK | |
r-oldrel-macos-x86_64 | 1.6-1 | 3.00 | 49.00 | 52.00 | OK | |
r-oldrel-windows-x86_64 | 1.6-1 | 8.00 | 94.00 | 102.00 | OK |
Version: 1.6-1
Check: CRAN incoming feasibility
Result: NOTE
Maintainer: ‘Robin K. S. Hankin <hankin.robin@gmail.com>’
Package CITATION file contains call(s) to old-style personList() or
as.personList(). Please use c() on person objects instead.
Package CITATION file contains call(s) to old-style citEntry(). Please
use bibentry() instead.
Flavors: r-devel-linux-x86_64-debian-clang, r-devel-linux-x86_64-debian-gcc