CRAN Package Check Results for Package manet

Last updated on 2025-10-22 11:51:14 CEST.

Flavor Version Tinstall Tcheck Ttotal Status Flags
r-devel-linux-x86_64-debian-clang 2.0 9.14 76.46 85.60 NOTE
r-devel-linux-x86_64-debian-gcc 2.0 5.59 58.16 63.75 NOTE
r-devel-linux-x86_64-fedora-clang 2.0 20.00 110.13 130.13 NOTE
r-devel-linux-x86_64-fedora-gcc 2.0 16.00 106.56 122.56 NOTE
r-devel-windows-x86_64 2.0 9.00 82.00 91.00 NOTE
r-patched-linux-x86_64 2.0 7.57 72.39 79.96 NOTE
r-release-linux-x86_64 2.0 8.34 72.53 80.87 NOTE
r-release-macos-arm64 2.0 5.00 36.00 41.00 NOTE
r-release-macos-x86_64 2.0 9.00 70.00 79.00 NOTE
r-release-windows-x86_64 2.0 10.00 84.00 94.00 NOTE
r-oldrel-macos-arm64 2.0 4.00 33.00 37.00 NOTE
r-oldrel-macos-x86_64 2.0 6.00 53.00 59.00 NOTE
r-oldrel-windows-x86_64 2.0 12.00 103.00 115.00 NOTE

Check Details

Version: 2.0
Check: CRAN incoming feasibility
Result: NOTE Maintainer: ‘Veronica Vinciotti <veronica.vinciotti@brunel.ac.uk>’ Found the following \keyword or \concept entries which likely give several index terms: File ‘manet.Rd’: \keyword{actor-event,} \keyword{models,} File ‘mixtbern.Rd’: \keyword{actor-event,} \keyword{models,} Flavors: r-devel-linux-x86_64-debian-clang, r-devel-linux-x86_64-debian-gcc

Version: 2.0
Check: Rd files
Result: NOTE checkRd: (-1) manet.Rd:25: Lost braces in \itemize; \value handles \item{}{} directly checkRd: (-1) manet.Rd:26: Lost braces in \itemize; \value handles \item{}{} directly checkRd: (-1) manet.Rd:27: Lost braces in \itemize; \value handles \item{}{} directly checkRd: (-1) manet.Rd:28: Lost braces in \itemize; \value handles \item{}{} directly checkRd: (-1) manet.Rd:29: Lost braces in \itemize; \value handles \item{}{} directly checkRd: (-1) manet.Rd:30: Lost braces in \itemize; \value handles \item{}{} directly checkRd: (-1) mixtbern.Rd:23: Lost braces in \itemize; \value handles \item{}{} directly checkRd: (-1) mixtbern.Rd:24: Lost braces in \itemize; \value handles \item{}{} directly checkRd: (-1) mixtbern.Rd:25: Lost braces in \itemize; \value handles \item{}{} directly checkRd: (-1) mixtbern.Rd:26: Lost braces in \itemize; \value handles \item{}{} directly checkRd: (-1) mixtbern.Rd:27: Lost braces in \itemize; \value handles \item{}{} directly Flavors: r-devel-linux-x86_64-debian-clang, r-devel-linux-x86_64-debian-gcc, r-devel-linux-x86_64-fedora-clang, r-devel-linux-x86_64-fedora-gcc, r-devel-windows-x86_64, r-patched-linux-x86_64, r-release-linux-x86_64, r-release-macos-arm64, r-release-macos-x86_64, r-release-windows-x86_64, r-oldrel-macos-arm64, r-oldrel-macos-x86_64, r-oldrel-windows-x86_64