Last updated on 2025-10-24 11:50:50 CEST.
| Flavor | Version | Tinstall | Tcheck | Ttotal | Status | Flags |
|---|---|---|---|---|---|---|
| r-devel-linux-x86_64-debian-clang | 0.1.1 | 27.05 | 71.88 | 98.93 | OK | |
| r-devel-linux-x86_64-debian-gcc | 0.1.1 | 18.15 | 51.59 | 69.74 | OK | |
| r-devel-linux-x86_64-fedora-clang | 0.1.1 | 64.00 | 99.58 | 163.58 | OK | |
| r-devel-linux-x86_64-fedora-gcc | 0.1.1 | 60.00 | 109.56 | 169.56 | OK | |
| r-devel-windows-x86_64 | 0.1.1 | 33.00 | 96.00 | 129.00 | OK | |
| r-patched-linux-x86_64 | 0.1.1 | 24.70 | 67.34 | 92.04 | OK | |
| r-release-linux-x86_64 | 0.1.1 | 27.36 | 67.27 | 94.63 | OK | |
| r-release-macos-arm64 | 0.1.1 | 11.00 | 52.00 | 63.00 | OK | |
| r-release-macos-x86_64 | 0.1.1 | 14.00 | 100.00 | 114.00 | OK | |
| r-release-windows-x86_64 | 0.1.1 | 35.00 | 99.00 | 134.00 | OK | |
| r-oldrel-macos-arm64 | 0.1.1 | 12.00 | 45.00 | 57.00 | NOTE | |
| r-oldrel-macos-x86_64 | 0.1.1 | 17.00 | 104.00 | 121.00 | NOTE | |
| r-oldrel-windows-x86_64 | 0.1.1 | 39.00 | 124.00 | 163.00 | OK |
Version: 0.1.1
Check: installed package size
Result: NOTE
installed size is 5.4Mb
sub-directories of 1Mb or more:
doc 2.6Mb
libs 2.0Mb
Flavors: r-oldrel-macos-arm64, r-oldrel-macos-x86_64