CRAN Package Check Results for Package maraca

Last updated on 2025-10-24 11:50:50 CEST.

Flavor Version Tinstall Tcheck Ttotal Status Flags
r-devel-linux-x86_64-debian-clang 1.0.1 7.80 221.84 229.64 OK
r-devel-linux-x86_64-debian-gcc 1.0.1 5.88 160.00 165.88 OK
r-devel-linux-x86_64-fedora-clang 1.0.1 21.00 335.98 356.98 OK
r-devel-linux-x86_64-fedora-gcc 1.0.1 17.00 332.42 349.42 OK
r-devel-windows-x86_64 1.0.1 9.00 188.00 197.00 OK
r-patched-linux-x86_64 1.0.1 7.59 210.90 218.49 OK
r-release-linux-x86_64 1.0.1 7.76 214.74 222.50 OK
r-release-macos-arm64 1.0.1 3.00 70.00 73.00 OK
r-release-macos-x86_64 1.0.1 6.00 146.00 152.00 OK
r-release-windows-x86_64 1.0.1 12.00 190.00 202.00 OK
r-oldrel-macos-arm64 1.0.1 2.00 72.00 74.00 NOTE
r-oldrel-macos-x86_64 1.0.1 6.00 154.00 160.00 NOTE
r-oldrel-windows-x86_64 1.0.1 16.00 245.00 261.00 NOTE

Check Details

Version: 1.0.1
Check: installed package size
Result: NOTE installed size is 8.9Mb sub-directories of 1Mb or more: doc 7.8Mb Flavors: r-oldrel-macos-arm64, r-oldrel-macos-x86_64, r-oldrel-windows-x86_64