Last updated on 2025-10-21 17:49:53 CEST.
Flavor | Version | Tinstall | Tcheck | Ttotal | Status | Flags |
---|---|---|---|---|---|---|
r-devel-linux-x86_64-debian-clang | 1.1.6 | 64.93 | 219.46 | 284.39 | NOTE | |
r-devel-linux-x86_64-debian-gcc | 1.1.6 | 40.70 | 142.23 | 182.93 | NOTE | |
r-devel-linux-x86_64-fedora-clang | 1.1.6 | 168.00 | 299.01 | 467.01 | OK | |
r-devel-linux-x86_64-fedora-gcc | 1.1.6 | 141.00 | 330.88 | 471.88 | OK | |
r-devel-windows-x86_64 | 1.1.6 | 60.00 | 289.00 | 349.00 | OK | |
r-patched-linux-x86_64 | 1.1.6 | 66.66 | 207.03 | 273.69 | OK | |
r-release-linux-x86_64 | 1.1.6 | 64.59 | 208.02 | 272.61 | OK | |
r-release-macos-arm64 | 1.1.6 | 34.00 | 230.00 | 264.00 | OK | |
r-release-macos-x86_64 | 1.1.6 | 60.00 | 236.00 | 296.00 | OK | |
r-release-windows-x86_64 | 1.1.6 | 61.00 | 284.00 | 345.00 | OK | |
r-oldrel-macos-arm64 | 1.1.6 | 27.00 | 109.00 | 136.00 | NOTE | |
r-oldrel-macos-x86_64 | 1.1.6 | 59.00 | 250.00 | 309.00 | NOTE | |
r-oldrel-windows-x86_64 | 1.1.6 | 81.00 | 377.00 | 458.00 | OK |
Version: 1.1.6
Check: HTML version of manual
Result: NOTE
Found the following HTML validation problems:
market_simulation.html:241:1 (market_simulation.Rd:140): Warning: <h4> anchor "+E2+80+98simulate_data+E2+80+99" already defined
market_simulation.html:247:1 (market_simulation.Rd:142): Warning: <h4> anchor "+E2+80+98simulate_model+E2+80+99" already defined
model_description.html:85:1 (model_description.Rd:38): Warning: <h4> anchor "+E2+80+98name+E2+80+99" already defined
model_description.html:91:1 (model_description.Rd:40): Warning: <h4> anchor "+E2+80+98describe+E2+80+99" already defined
model_description.html:97:1 (model_description.Rd:42): Warning: <h4> anchor "+E2+80+98market_type+E2+80+99" already defined
model_likelihoods.html:153:1 (model_likelihoods.Rd:84): Warning: <h4> anchor "+E2+80+98log_likelihood+E2+80+99" already defined
model_likelihoods.html:159:1 (model_likelihoods.Rd:87): Warning: <h4> anchor "+E2+80+98gradient+E2+80+99" already defined
model_likelihoods.html:165:1 (model_likelihoods.Rd:89): Warning: <h4> anchor "+E2+80+98hessian+E2+80+99" already defined
model_likelihoods.html:171:1 (model_likelihoods.Rd:91): Warning: <h4> anchor "+E2+80+98scores+E2+80+99" already defined
Flavors: r-devel-linux-x86_64-debian-clang, r-devel-linux-x86_64-debian-gcc
Version: 1.1.6
Check: installed package size
Result: NOTE
installed size is 5.4Mb
sub-directories of 1Mb or more:
libs 3.5Mb
Flavors: r-oldrel-macos-arm64, r-oldrel-macos-x86_64