Last updated on 2025-10-21 11:53:29 CEST.
Flavor | Version | Tinstall | Tcheck | Ttotal | Status | Flags |
---|---|---|---|---|---|---|
r-devel-linux-x86_64-debian-clang | 0.0.7.1 | 3.05 | 43.94 | 46.99 | NOTE | |
r-devel-linux-x86_64-debian-gcc | 0.0.7.1 | 2.58 | 34.62 | 37.20 | NOTE | |
r-devel-linux-x86_64-fedora-clang | 0.0.7.1 | 71.05 | OK | |||
r-devel-linux-x86_64-fedora-gcc | 0.0.7.1 | 80.81 | OK | |||
r-devel-windows-x86_64 | 0.0.7.1 | 5.00 | 60.00 | 65.00 | OK | |
r-patched-linux-x86_64 | 0.0.7.1 | 3.10 | 42.57 | 45.67 | OK | |
r-release-linux-x86_64 | 0.0.7.1 | 2.21 | 42.29 | 44.50 | OK | |
r-release-macos-arm64 | 0.0.7.1 | 51.00 | OK | |||
r-release-macos-x86_64 | 0.0.7.1 | 3.00 | 57.00 | 60.00 | OK | |
r-release-windows-x86_64 | 0.0.7.1 | 4.00 | 65.00 | 69.00 | OK | |
r-oldrel-macos-arm64 | 0.0.7.1 | 29.00 | OK | |||
r-oldrel-macos-x86_64 | 0.0.7.1 | 54.00 | OK | |||
r-oldrel-windows-x86_64 | 0.0.7.1 | 5.00 | 69.00 | 74.00 | OK |
Version: 0.0.7.1
Check: HTML version of manual
Result: NOTE
Found the following HTML validation problems:
airDensity.html:94:1 (airDensity.Rd:50): Warning: <h3> anchor "unitsENV" already defined
calibCert.html:188:1 (calibCert.Rd:110): Warning: <h3> anchor "unitsENV" already defined
massStandard.html:157:1 (massStandard.Rd:84): Warning: <h3> anchor "unitsENV" already defined
massStandardKit.html:185:1 (massStandardKit.Rd:111): Warning: <h3> anchor "unitsENV" already defined
uncertAirDensity.html:101:1 (uncertAirDensity.Rd:52): Warning: <h3> anchor "unitsENV" already defined
Flavors: r-devel-linux-x86_64-debian-clang, r-devel-linux-x86_64-debian-gcc