Last updated on 2025-10-25 12:49:53 CEST.
| Flavor | Version | Tinstall | Tcheck | Ttotal | Status | Flags |
|---|---|---|---|---|---|---|
| r-devel-linux-x86_64-debian-clang | 0.1.3 | 2.94 | 42.21 | 45.15 | OK | |
| r-devel-linux-x86_64-debian-gcc | 0.1.3 | 2.70 | 32.68 | 35.38 | OK | |
| r-devel-linux-x86_64-fedora-clang | 0.1.3 | 11.00 | 57.91 | 68.91 | OK | |
| r-devel-linux-x86_64-fedora-gcc | 0.1.3 | 78.82 | OK | |||
| r-devel-windows-x86_64 | 0.1.3 | 5.00 | 58.00 | 63.00 | OK | |
| r-patched-linux-x86_64 | 0.1.3 | 4.07 | 38.63 | 42.70 | OK | |
| r-release-linux-x86_64 | 0.1.3 | 3.89 | 38.46 | 42.35 | OK | |
| r-release-macos-arm64 | 0.1.3 | 2.00 | 27.00 | 29.00 | OK | |
| r-release-macos-x86_64 | 0.1.3 | 3.00 | 56.00 | 59.00 | OK | |
| r-release-windows-x86_64 | 0.1.3 | 6.00 | 58.00 | 64.00 | OK | |
| r-oldrel-macos-arm64 | 0.1.3 | 2.00 | 27.00 | 29.00 | NOTE | |
| r-oldrel-macos-x86_64 | 0.1.3 | 3.00 | 41.00 | 44.00 | NOTE | |
| r-oldrel-windows-x86_64 | 0.1.3 | 8.00 | 70.00 | 78.00 | NOTE |
Version: 0.1.3
Check: LazyData
Result: NOTE
'LazyData' is specified without a 'data' directory
Flavors: r-oldrel-macos-arm64, r-oldrel-macos-x86_64, r-oldrel-windows-x86_64