Last updated on 2025-10-22 11:51:14 CEST.
Flavor | Version | Tinstall | Tcheck | Ttotal | Status | Flags |
---|---|---|---|---|---|---|
r-devel-linux-x86_64-debian-clang | 1.5.0 | 4.37 | 41.23 | 45.60 | NOTE | |
r-devel-linux-x86_64-debian-gcc | 1.5.0 | 3.01 | 29.97 | 32.98 | NOTE | |
r-devel-linux-x86_64-fedora-clang | 1.5.0 | 22.00 | 50.60 | 72.60 | OK | |
r-devel-linux-x86_64-fedora-gcc | 1.5.0 | 64.22 | OK | |||
r-devel-windows-x86_64 | 1.5.0 | 6.00 | 70.00 | 76.00 | OK | |
r-patched-linux-x86_64 | 1.5.0 | 4.75 | 38.53 | 43.28 | OK | |
r-release-linux-x86_64 | 1.5.0 | 4.13 | 39.10 | 43.23 | OK | |
r-release-macos-arm64 | 1.5.0 | 3.00 | 35.00 | 38.00 | OK | |
r-release-macos-x86_64 | 1.5.0 | 4.00 | 43.00 | 47.00 | OK | |
r-release-windows-x86_64 | 1.5.0 | 8.00 | 71.00 | 79.00 | OK | |
r-oldrel-macos-arm64 | 1.5.0 | 2.00 | 21.00 | 23.00 | OK | |
r-oldrel-macos-x86_64 | 1.5.0 | 3.00 | 32.00 | 35.00 | OK | |
r-oldrel-windows-x86_64 | 1.5.0 | 8.00 | 81.00 | 89.00 | OK |
Version: 1.5.0
Check: HTML version of manual
Result: NOTE
Found the following HTML validation problems:
dot-onAttach.html:51:1 (dot-onAttach.Rd:12): Warning: missing </ul> before </div>
Flavors: r-devel-linux-x86_64-debian-clang, r-devel-linux-x86_64-debian-gcc