Last updated on 2025-10-22 23:50:00 CEST.
Flavor | Version | Tinstall | Tcheck | Ttotal | Status | Flags |
---|---|---|---|---|---|---|
r-devel-linux-x86_64-debian-clang | 0.2.0 | 15.31 | 128.86 | 144.17 | OK | |
r-devel-linux-x86_64-debian-gcc | 0.2.0 | 11.63 | 92.79 | 104.42 | OK | |
r-devel-linux-x86_64-fedora-clang | 0.2.0 | 44.00 | 186.96 | 230.96 | NOTE | |
r-devel-linux-x86_64-fedora-gcc | 0.2.0 | 31.00 | 194.90 | 225.90 | NOTE | |
r-devel-windows-x86_64 | 0.2.0 | 16.00 | 130.00 | 146.00 | OK | |
r-patched-linux-x86_64 | 0.2.0 | 14.46 | 123.64 | 138.10 | OK | |
r-release-linux-x86_64 | 0.2.0 | 14.27 | 123.34 | 137.61 | OK | |
r-release-macos-arm64 | 0.2.0 | 6.00 | 56.00 | 62.00 | OK | |
r-release-macos-x86_64 | 0.2.0 | 12.00 | 108.00 | 120.00 | OK | |
r-release-windows-x86_64 | 0.2.0 | 16.00 | 129.00 | 145.00 | OK | |
r-oldrel-macos-arm64 | 0.2.0 | 7.00 | 61.00 | 68.00 | OK | |
r-oldrel-macos-x86_64 | 0.2.0 | 11.00 | 101.00 | 112.00 | OK | |
r-oldrel-windows-x86_64 | 0.2.0 | 23.00 | 164.00 | 187.00 | OK |
Version: 0.2.0
Check: dependencies in R code
Result: NOTE
Namespace in Imports field not imported from: ‘formatR’
All declared Imports should be used.
Flavors: r-devel-linux-x86_64-fedora-clang, r-devel-linux-x86_64-fedora-gcc