Last updated on 2024-05-26 21:49:20 CEST.
Flavor | Version | Tinstall | Tcheck | Ttotal | Status | Flags |
---|---|---|---|---|---|---|
r-devel-linux-x86_64-debian-clang | 0.8.2 | 25.31 | 65.05 | 90.36 | NOTE | |
r-devel-linux-x86_64-debian-gcc | 0.8.2 | 16.64 | 48.99 | 65.63 | NOTE | |
r-devel-linux-x86_64-fedora-clang | 0.8.2 | 121.43 | NOTE | |||
r-devel-linux-x86_64-fedora-gcc | 0.8.2 | 130.43 | NOTE | |||
r-devel-windows-x86_64 | 0.8.2 | 21.00 | 88.00 | 109.00 | NOTE | |
r-patched-linux-x86_64 | 0.8.2 | 20.86 | 61.23 | 82.09 | NOTE | |
r-release-linux-x86_64 | 0.8.2 | 19.99 | 59.28 | 79.27 | NOTE | |
r-release-macos-arm64 | 0.8.2 | 41.00 | NOTE | |||
r-release-windows-x86_64 | 0.8.2 | 22.00 | 88.00 | 110.00 | NOTE | |
r-oldrel-macos-arm64 | 0.8.2 | 44.00 | NOTE | |||
r-oldrel-macos-x86_64 | 0.8.2 | 64.00 | NOTE | |||
r-oldrel-windows-x86_64 | 0.8.2 | 27.00 | 103.00 | 130.00 | NOTE |
Version: 0.8.2
Check: LazyData
Result: NOTE
'LazyData' is specified without a 'data' directory
Flavors: r-devel-linux-x86_64-debian-clang, r-devel-linux-x86_64-debian-gcc, r-devel-linux-x86_64-fedora-clang, r-devel-linux-x86_64-fedora-gcc, r-devel-windows-x86_64, r-patched-linux-x86_64, r-release-linux-x86_64, r-release-macos-arm64, r-release-windows-x86_64, r-oldrel-macos-arm64, r-oldrel-macos-x86_64, r-oldrel-windows-x86_64