Last updated on 2025-10-22 23:50:01 CEST.
Flavor | Version | Tinstall | Tcheck | Ttotal | Status | Flags |
---|---|---|---|---|---|---|
r-devel-linux-x86_64-debian-clang | 0.2.0 | 3.87 | 147.76 | 151.63 | NOTE | |
r-devel-linux-x86_64-debian-gcc | 0.2.0 | 2.37 | 101.39 | 103.76 | NOTE | |
r-devel-linux-x86_64-fedora-clang | 0.2.0 | 241.21 | OK | |||
r-devel-linux-x86_64-fedora-gcc | 0.2.0 | 228.20 | OK | |||
r-devel-windows-x86_64 | 0.2.0 | 4.00 | 162.00 | 166.00 | OK | |
r-patched-linux-x86_64 | 0.2.0 | 4.28 | 140.37 | 144.65 | OK | |
r-release-linux-x86_64 | 0.2.0 | 2.20 | 143.48 | 145.68 | OK | |
r-release-macos-arm64 | 0.2.0 | 2.00 | 88.00 | 90.00 | OK | |
r-release-macos-x86_64 | 0.2.0 | 3.00 | 206.00 | 209.00 | OK | |
r-release-windows-x86_64 | 0.2.0 | 5.00 | 166.00 | 171.00 | OK | |
r-oldrel-macos-arm64 | 0.2.0 | 2.00 | 75.00 | 77.00 | OK | |
r-oldrel-macos-x86_64 | 0.2.0 | 4.00 | 125.00 | 129.00 | OK | |
r-oldrel-windows-x86_64 | 0.2.0 | 6.00 | 209.00 | 215.00 | OK |
Version: 0.2.0
Check: CRAN incoming feasibility
Result: NOTE
Maintainer: ‘Steven E. Pav <shabbychef@gmail.com>’
Package CITATION file contains call(s) to old-style citEntry(). Please
use bibentry() instead.
Flavors: r-devel-linux-x86_64-debian-clang, r-devel-linux-x86_64-debian-gcc
Version: 0.2.0
Check: HTML version of manual
Result: NOTE
Found the following HTML validation problems:
NEWS.html:67:74 (NEWS.Rd:28): Warning: missing </p> before <a>
NEWS.html:67:5 (NEWS.Rd:28): Warning: missing </a> before <a>
NEWS.html:67:195 (NEWS.Rd:28): Warning: inserting implicit <p>
NEWS.html:67:199 (NEWS.Rd:28): Warning: discarding unexpected </a>
NEWS.html:68:82 (NEWS.Rd:28): Warning: missing </p> before <a>
NEWS.html:68:5 (NEWS.Rd:28): Warning: missing </a> before <a>
NEWS.html:68:211 (NEWS.Rd:28): Warning: inserting implicit <p>
NEWS.html:68:215 (NEWS.Rd:28): Warning: discarding unexpected </a>
NEWS.html:67:74 (NEWS.Rd:28): Warning: trimming empty <p>
NEWS.html:67:195 (NEWS.Rd:28): Warning: trimming empty <p>
NEWS.html:68:82 (NEWS.Rd:28): Warning: trimming empty <p>
NEWS.html:68:211 (NEWS.Rd:28): Warning: trimming empty <p>
Flavor: r-devel-linux-x86_64-debian-clang
Version: 0.2.0
Check: Rd files
Result: NOTE
checkRd: (-1) decagon_maze.Rd:93: height/width attributes should be in pixels
checkRd: (-1) dodecagon_maze.Rd:93: height/width attributes should be in pixels
checkRd: (-1) eq_triangle_maze.Rd:138: height/width attributes should be in pixels
checkRd: (-1) eq_triangle_maze.Rd:147: height/width attributes should be in pixels
checkRd: (-1) eq_triangle_maze.Rd:156: height/width attributes should be in pixels
checkRd: (-1) eq_triangle_maze.Rd:165: height/width attributes should be in pixels
checkRd: (-1) eq_triangle_maze.Rd:174: height/width attributes should be in pixels
checkRd: (-1) eq_triangle_maze.Rd:183: height/width attributes should be in pixels
checkRd: (-1) hexaflake_maze.Rd:95: height/width attributes should be in pixels
checkRd: (-1) hexagon_maze.Rd:124: height/width attributes should be in pixels
checkRd: (-1) hexagon_maze.Rd:133: height/width attributes should be in pixels
checkRd: (-1) hexagon_maze.Rd:142: height/width attributes should be in pixels
checkRd: (-1) iso_trapezoid_maze.Rd:124: height/width attributes should be in pixels
checkRd: (-1) iso_trapezoid_maze.Rd:133: height/width attributes should be in pixels
checkRd: (-1) koch_maze.Rd:85: height/width attributes should be in pixels
checkRd: (-1) mazealls.Rd:36: height/width attributes should be in pixels
checkRd: (-1) mazealls.Rd:66: height/width attributes should be in pixels
checkRd: (-1) octagon_maze.Rd:91: height/width attributes should be in pixels
checkRd: (-1) parallelogram_maze.Rd:141: height/width attributes should be in pixels
checkRd: (-1) parallelogram_maze.Rd:154: height/width attributes should be in pixels
checkRd: (-1) sierpinski_maze.Rd:110: height/width attributes should be in pixels
checkRd: (-1) sierpinski_trapezoid_maze.Rd:108: height/width attributes should be in pixels
Flavor: r-devel-linux-x86_64-debian-gcc