Last updated on 2025-10-24 05:50:46 CEST.
| Flavor | Version | Tinstall | Tcheck | Ttotal | Status | Flags |
|---|---|---|---|---|---|---|
| r-devel-linux-x86_64-debian-clang | 1.3.1 | 1.78 | 25.67 | 27.45 | OK | |
| r-devel-linux-x86_64-debian-gcc | 1.3.1 | 1.41 | 21.28 | 22.69 | OK | |
| r-devel-linux-x86_64-fedora-clang | 1.3.1 | 41.65 | OK | |||
| r-devel-linux-x86_64-fedora-gcc | 1.3.1 | 52.65 | OK | |||
| r-devel-windows-x86_64 | 1.3.1 | 4.00 | 44.00 | 48.00 | OK | |
| r-patched-linux-x86_64 | 1.3.1 | 1.64 | 23.65 | 25.29 | OK | |
| r-release-linux-x86_64 | 1.3.1 | 1.61 | 23.13 | 24.74 | OK | |
| r-release-macos-arm64 | 1.3.1 | 1.00 | 22.00 | 23.00 | OK | |
| r-release-macos-x86_64 | 1.3.1 | 2.00 | 41.00 | 43.00 | OK | |
| r-release-windows-x86_64 | 1.3.1 | 4.00 | 45.00 | 49.00 | OK | |
| r-oldrel-macos-arm64 | 1.3.1 | 1.00 | 20.00 | 21.00 | NOTE | |
| r-oldrel-macos-x86_64 | 1.3.1 | 1.00 | 34.00 | 35.00 | NOTE | |
| r-oldrel-windows-x86_64 | 1.3.1 | 4.00 | 54.00 | 58.00 | NOTE |
Version: 1.3.1
Check: LazyData
Result: NOTE
'LazyData' is specified without a 'data' directory
Flavors: r-oldrel-macos-arm64, r-oldrel-macos-x86_64, r-oldrel-windows-x86_64