CRAN Package Check Results for Package mblm

Last updated on 2025-10-21 23:51:00 CEST.

Flavor Version Tinstall Tcheck Ttotal Status Flags
r-devel-linux-x86_64-debian-clang 0.12.1 1.65 19.24 20.89 NOTE
r-devel-linux-x86_64-debian-gcc 0.12.1 1.57 15.77 17.34 NOTE
r-devel-linux-x86_64-fedora-clang 0.12.1 30.70 OK
r-devel-linux-x86_64-fedora-gcc 0.12.1 28.59 OK
r-devel-windows-x86_64 0.12.1 3.00 34.00 37.00 OK
r-patched-linux-x86_64 0.12.1 1.55 17.87 19.42 OK
r-release-linux-x86_64 0.12.1 1.76 17.96 19.72 OK
r-release-macos-arm64 0.12.1 1.00 13.00 14.00 OK
r-release-macos-x86_64 0.12.1 2.00 19.00 21.00 OK
r-release-windows-x86_64 0.12.1 3.00 37.00 40.00 OK
r-oldrel-macos-arm64 0.12.1 1.00 14.00 15.00 OK
r-oldrel-macos-x86_64 0.12.1 1.00 18.00 19.00 OK
r-oldrel-windows-x86_64 0.12.1 2.00 35.00 37.00 OK

Check Details

Version: 0.12.1
Check: CRAN incoming feasibility
Result: NOTE Maintainer: ‘Lukasz Komsta <lukasz.komsta@umlub.pl>’ No Authors@R field in DESCRIPTION. Please add one, modifying Authors@R: person(given = "Lukasz", family = "Komsta", role = c("aut", "cre"), email = "lukasz.komsta@umlub.pl") as necessary. Flavors: r-devel-linux-x86_64-debian-clang, r-devel-linux-x86_64-debian-gcc