Last updated on 2025-10-21 23:51:00 CEST.
Flavor | Version | Tinstall | Tcheck | Ttotal | Status | Flags |
---|---|---|---|---|---|---|
r-devel-linux-x86_64-debian-clang | 0.1.15 | 10.98 | 114.08 | 125.06 | NOTE | |
r-devel-linux-x86_64-debian-gcc | 0.1.15 | 7.22 | 79.63 | 86.85 | NOTE | |
r-devel-linux-x86_64-fedora-clang | 0.1.15 | 27.00 | 175.05 | 202.05 | NOTE | |
r-devel-linux-x86_64-fedora-gcc | 0.1.15 | 20.00 | 166.42 | 186.42 | NOTE | |
r-devel-windows-x86_64 | 0.1.15 | 11.00 | 111.00 | 122.00 | OK | |
r-patched-linux-x86_64 | 0.1.15 | 10.43 | 109.88 | 120.31 | OK | |
r-release-linux-x86_64 | 0.1.15 | 9.88 | 108.69 | 118.57 | OK | |
r-release-macos-arm64 | 0.1.15 | 5.00 | 58.00 | 63.00 | OK | |
r-release-macos-x86_64 | 0.1.15 | 8.00 | 88.00 | 96.00 | OK | |
r-release-windows-x86_64 | 0.1.15 | 13.00 | 110.00 | 123.00 | OK | |
r-oldrel-macos-arm64 | 0.1.15 | 5.00 | 45.00 | 50.00 | OK | |
r-oldrel-macos-x86_64 | 0.1.15 | 7.00 | 71.00 | 78.00 | OK | |
r-oldrel-windows-x86_64 | 0.1.15 | 15.00 | 145.00 | 160.00 | OK |
Version: 0.1.15
Check: CRAN incoming feasibility
Result: NOTE
Maintainer: ‘Heming Deng<dheming@ruc.edu.cn>’
No Authors@R field in DESCRIPTION.
Please add one, modifying
Authors@R: c(person(given = "Yang",
family = "Li",
role = "aut"),
person(given = "Yichen",
family = "Qin",
role = "aut"),
person(given = "Heming",
family = "Deng",
role = c("aut", "cre"),
email = "dheming@ruc.edu.cn"))
as necessary.
Flavors: r-devel-linux-x86_64-debian-clang, r-devel-linux-x86_64-debian-gcc
Version: 0.1.15
Check: dependencies in R code
Result: NOTE
Namespaces in Imports field not imported from:
‘MASS’ ‘lars’ ‘methods’ ‘parallel’ ‘smoothmest’
All declared Imports should be used.
Flavors: r-devel-linux-x86_64-fedora-clang, r-devel-linux-x86_64-fedora-gcc