Last updated on 2025-10-21 17:49:53 CEST.
Flavor | Version | Tinstall | Tcheck | Ttotal | Status | Flags |
---|---|---|---|---|---|---|
r-devel-linux-x86_64-debian-clang | 3.0.7 | 14.83 | 47.65 | 62.48 | NOTE | |
r-devel-linux-x86_64-debian-gcc | 3.0.7 | 10.99 | 33.91 | 44.90 | NOTE | |
r-devel-linux-x86_64-fedora-clang | 3.0.7 | 39.00 | 62.54 | 101.54 | OK | |
r-devel-linux-x86_64-fedora-gcc | 3.0.7 | 38.00 | 58.76 | 96.76 | OK | |
r-devel-windows-x86_64 | 3.0.7 | 21.00 | 80.00 | 101.00 | OK | |
r-patched-linux-x86_64 | 3.0.7 | 15.55 | 45.18 | 60.73 | OK | |
r-release-linux-x86_64 | 3.0.7 | 14.64 | 44.48 | 59.12 | OK | |
r-release-macos-arm64 | 3.0.7 | 7.00 | 26.00 | 33.00 | OK | |
r-release-macos-x86_64 | 3.0.7 | 13.00 | 65.00 | 78.00 | OK | |
r-release-windows-x86_64 | 3.0.7 | 22.00 | 81.00 | 103.00 | OK | |
r-oldrel-macos-arm64 | 3.0.7 | 7.00 | 24.00 | 31.00 | OK | |
r-oldrel-macos-x86_64 | 3.0.7 | 9.00 | 35.00 | 44.00 | OK | |
r-oldrel-windows-x86_64 | 3.0.7 | 25.00 | 101.00 | 126.00 | OK |
Version: 3.0.7
Check: CRAN incoming feasibility
Result: NOTE
Maintainer: ‘Mehmet Hakan Satman <mhsatman@istanbul.edu.tr>’
No Authors@R field in DESCRIPTION.
Please add one, modifying
Authors@R: person(given = c("Mehmet", "Hakan"),
family = "Satman",
role = c("aut", "cre"),
email = "mhsatman@istanbul.edu.tr")
as necessary.
Flavors: r-devel-linux-x86_64-debian-clang, r-devel-linux-x86_64-debian-gcc