Last updated on 2025-10-24 11:50:51 CEST.
| Flavor | Version | Tinstall | Tcheck | Ttotal | Status | Flags |
|---|---|---|---|---|---|---|
| r-devel-linux-x86_64-debian-clang | 1.2.2 | 2.16 | 35.39 | 37.55 | NOTE | |
| r-devel-linux-x86_64-debian-gcc | 1.2.2 | 1.42 | 29.45 | 30.87 | NOTE | |
| r-devel-linux-x86_64-fedora-clang | 1.2.2 | 55.45 | OK | |||
| r-devel-linux-x86_64-fedora-gcc | 1.2.2 | 65.21 | OK | |||
| r-devel-windows-x86_64 | 1.2.2 | 3.00 | 48.00 | 51.00 | OK | |
| r-patched-linux-x86_64 | 1.2.2 | 2.03 | 32.65 | 34.68 | OK | |
| r-release-linux-x86_64 | 1.2.2 | 2.12 | 32.64 | 34.76 | OK | |
| r-release-macos-arm64 | 1.2.2 | 1.00 | 57.00 | 58.00 | OK | |
| r-release-macos-x86_64 | 1.2.2 | 2.00 | 41.00 | 43.00 | OK | |
| r-release-windows-x86_64 | 1.2.2 | 3.00 | 50.00 | 53.00 | OK | |
| r-oldrel-macos-arm64 | 1.2.2 | 1.00 | 23.00 | 24.00 | OK | |
| r-oldrel-macos-x86_64 | 1.2.2 | 3.00 | 55.00 | 58.00 | OK | |
| r-oldrel-windows-x86_64 | 1.2.2 | 4.00 | 56.00 | 60.00 | OK |
Version: 1.2.2
Check: CRAN incoming feasibility
Result: NOTE
Maintainer: ‘Gregory R. Warnes <greg@warnes.net>’
No Authors@R field in DESCRIPTION.
Please add one, modifying
Authors@R: c(person(given = c("Gregory", "R."),
family = "Warnes",
role = c("aut", "cre"),
email = "greg@warnes.net"),
person(given = "Robert",
family = "Burrows",
role = "aut"))
as necessary.
Flavors: r-devel-linux-x86_64-debian-clang, r-devel-linux-x86_64-debian-gcc