CRAN Package Check Results for Package mcr

Last updated on 2025-10-21 23:51:00 CEST.

Flavor Version Tinstall Tcheck Ttotal Status Flags
r-devel-linux-x86_64-debian-clang 1.3.3.1 11.50 62.71 74.21 NOTE
r-devel-linux-x86_64-debian-gcc 1.3.3.1 7.19 42.94 50.13 NOTE
r-devel-linux-x86_64-fedora-clang 1.3.3.1 30.00 85.16 115.16 OK
r-devel-linux-x86_64-fedora-gcc 1.3.3.1 22.00 81.97 103.97 OK
r-devel-windows-x86_64 1.3.3.1 16.00 83.00 99.00 OK
r-patched-linux-x86_64 1.3.3.1 12.57 59.10 71.67 OK
r-release-linux-x86_64 1.3.3.1 10.22 59.21 69.43 OK
r-release-macos-arm64 1.3.3.1 8.00 27.00 35.00 OK
r-release-macos-x86_64 1.3.3.1 10.00 50.00 60.00 OK
r-release-windows-x86_64 1.3.3.1 15.00 85.00 100.00 OK
r-oldrel-macos-arm64 1.3.3.1 5.00 25.00 30.00 OK
r-oldrel-macos-x86_64 1.3.3.1 11.00 68.00 79.00 OK
r-oldrel-windows-x86_64 1.3.3.1 19.00 101.00 120.00 OK

Check Details

Version: 1.3.3.1
Check: HTML version of manual
Result: NOTE Found the following HTML validation problems: MCResultResampling.printSummary.html:46:1 (MCResultResampling.printSummary.Rd:10): Warning: missing </ul> before </div> Flavors: r-devel-linux-x86_64-debian-clang, r-devel-linux-x86_64-debian-gcc