Last updated on 2025-10-24 18:50:00 CEST.
| Flavor | Version | Tinstall | Tcheck | Ttotal | Status | Flags |
|---|---|---|---|---|---|---|
| r-devel-linux-x86_64-debian-clang | 0.14.2 | 14.56 | 139.10 | 153.66 | NOTE | |
| r-devel-linux-x86_64-debian-gcc | 0.14.2 | 11.68 | 97.18 | 108.86 | NOTE | |
| r-devel-linux-x86_64-fedora-clang | 0.14.2 | 44.00 | 200.93 | 244.93 | OK | |
| r-devel-linux-x86_64-fedora-gcc | 0.14.2 | 100.00 | 135.12 | 235.12 | NOTE | |
| r-devel-windows-x86_64 | 0.14.2 | 19.00 | 182.00 | 201.00 | OK | |
| r-patched-linux-x86_64 | 0.14.2 | 21.52 | 130.05 | 151.57 | OK | |
| r-release-linux-x86_64 | 0.14.2 | 15.63 | 131.19 | 146.82 | OK | |
| r-release-macos-arm64 | 0.14.2 | 7.00 | 58.00 | 65.00 | OK | |
| r-release-macos-x86_64 | 0.14.2 | 15.00 | 124.00 | 139.00 | OK | |
| r-release-windows-x86_64 | 0.14.2 | 18.00 | 186.00 | 204.00 | OK | |
| r-oldrel-macos-arm64 | 0.14.2 | 8.00 | 56.00 | 64.00 | OK | |
| r-oldrel-macos-x86_64 | 0.14.2 | 22.00 | 162.00 | 184.00 | OK | |
| r-oldrel-windows-x86_64 | 0.14.2 | 26.00 | 220.00 | 246.00 | OK |
Version: 0.14.2
Check: Rd files
Result: NOTE
checkRd: (-1) carbs.Rd:15-19: Only 4 columns allowed in this table (row 1 has 2)
checkRd: (-1) carbs.Rd:15-19: Only 4 columns allowed in this table (row 2 has 2)
checkRd: (-1) carbs.Rd:15-19: Only 4 columns allowed in this table (row 3 has 2)
checkRd: (-1) people.Rd:16-29: Only 4 columns allowed in this table (row 1 has 2)
checkRd: (-1) people.Rd:16-29: Only 4 columns allowed in this table (row 2 has 2)
checkRd: (-1) people.Rd:16-29: Only 4 columns allowed in this table (row 3 has 2)
checkRd: (-1) people.Rd:16-29: Only 4 columns allowed in this table (row 4 has 2)
checkRd: (-1) people.Rd:16-29: Only 4 columns allowed in this table (row 5 has 2)
checkRd: (-1) people.Rd:16-29: Only 4 columns allowed in this table (row 6 has 2)
checkRd: (-1) people.Rd:16-29: Only 4 columns allowed in this table (row 7 has 2)
checkRd: (-1) people.Rd:16-29: Only 4 columns allowed in this table (row 8 has 2)
checkRd: (-1) people.Rd:16-29: Only 4 columns allowed in this table (row 9 has 2)
checkRd: (-1) people.Rd:16-29: Only 4 columns allowed in this table (row 10 has 2)
checkRd: (-1) people.Rd:16-29: Only 4 columns allowed in this table (row 11 has 2)
checkRd: (-1) people.Rd:16-29: Only 4 columns allowed in this table (row 12 has 2)
checkRd: (-1) simdata.Rd:14-20: Only 4 columns allowed in this table (row 1 has 2)
checkRd: (-1) simdata.Rd:14-20: Only 4 columns allowed in this table (row 2 has 2)
checkRd: (-1) simdata.Rd:14-20: Only 4 columns allowed in this table (row 3 has 2)
checkRd: (-1) simdata.Rd:14-20: Only 4 columns allowed in this table (row 4 has 2)
checkRd: (-1) simdata.Rd:14-20: Only 4 columns allowed in this table (row 5 has 2)
Flavors: r-devel-linux-x86_64-debian-clang, r-devel-linux-x86_64-debian-gcc, r-devel-linux-x86_64-fedora-gcc