CRAN Package Check Results for Package mdgc

Last updated on 2025-10-21 17:49:53 CEST.

Flavor Version Tinstall Tcheck Ttotal Status Flags
r-devel-linux-x86_64-debian-clang 0.1.7 102.74 69.51 172.25 NOTE
r-devel-linux-x86_64-debian-gcc 0.1.7 70.42 51.54 121.96 NOTE
r-devel-linux-x86_64-fedora-clang 0.1.7 223.00 104.93 327.93 NOTE
r-devel-linux-x86_64-fedora-gcc 0.1.7 143.00 170.25 313.25 NOTE
r-devel-windows-x86_64 0.1.7 139.00 122.00 261.00 NOTE
r-patched-linux-x86_64 0.1.7 106.43 65.21 171.64 NOTE
r-release-linux-x86_64 0.1.7 105.38 65.40 170.78 NOTE
r-release-macos-arm64 0.1.7 61.00 57.00 118.00 NOTE
r-release-macos-x86_64 0.1.7 35.00 61.00 96.00 NOTE
r-release-windows-x86_64 0.1.7 130.00 118.00 248.00 NOTE
r-oldrel-macos-arm64 0.1.7 42.00 38.00 80.00 NOTE
r-oldrel-macos-x86_64 0.1.7 31.00 52.00 83.00 NOTE
r-oldrel-windows-x86_64 0.1.7 145.00 140.00 285.00 NOTE

Check Details

Version: 0.1.7
Check: CRAN incoming feasibility
Result: NOTE Maintainer: ‘Benjamin Christoffersen <boennecd@gmail.com>’ The Description field contains <arXiv:2102.02642>. The method is related to Hoff (2007) <doi:10.1214/07-AOAS107> and Zhao and Udell (2019) <arXiv:1910.12845> Please refer to arXiv e-prints via their arXiv DOI <doi:10.48550/arXiv.YYMM.NNNNN>. Flavors: r-devel-linux-x86_64-debian-clang, r-devel-linux-x86_64-debian-gcc

Version: 0.1.7
Check: Rd files
Result: NOTE checkRd: (-1) get_mdgc.Rd:34: Lost braces in \itemize; meant \describe ? checkRd: (-1) get_mdgc.Rd:35: Lost braces in \itemize; meant \describe ? checkRd: (-1) get_mdgc.Rd:36: Lost braces in \itemize; meant \describe ? checkRd: (-1) get_mdgc.Rd:37: Lost braces in \itemize; meant \describe ? Flavors: r-devel-linux-x86_64-debian-clang, r-devel-linux-x86_64-debian-gcc, r-devel-linux-x86_64-fedora-clang, r-devel-linux-x86_64-fedora-gcc, r-devel-windows-x86_64, r-patched-linux-x86_64, r-release-linux-x86_64, r-release-macos-arm64, r-release-macos-x86_64, r-release-windows-x86_64, r-oldrel-macos-arm64, r-oldrel-macos-x86_64, r-oldrel-windows-x86_64

Version: 0.1.7
Check: installed package size
Result: NOTE installed size is 10.7Mb sub-directories of 1Mb or more: libs 10.3Mb Flavors: r-oldrel-macos-arm64, r-oldrel-macos-x86_64