Last updated on 2025-10-21 17:49:53 CEST.
Flavor | Version | Tinstall | Tcheck | Ttotal | Status | Flags |
---|---|---|---|---|---|---|
r-devel-linux-x86_64-debian-clang | 0.2.8 | 37.08 | 84.37 | 121.45 | NOTE | |
r-devel-linux-x86_64-debian-gcc | 0.2.8 | 31.45 | 61.65 | 93.10 | NOTE | |
r-devel-linux-x86_64-fedora-clang | 0.2.8 | 112.00 | 83.58 | 195.58 | OK | |
r-devel-linux-x86_64-fedora-gcc | 0.2.8 | 74.00 | 106.95 | 180.95 | OK | |
r-devel-windows-x86_64 | 0.2.8 | 40.00 | 104.00 | 144.00 | OK | |
r-patched-linux-x86_64 | 0.2.8 | 36.09 | 79.42 | 115.51 | OK | |
r-release-linux-x86_64 | 0.2.8 | 37.58 | 79.16 | 116.74 | OK | |
r-release-macos-arm64 | 0.2.8 | 23.00 | 35.00 | 58.00 | OK | |
r-release-macos-x86_64 | 0.2.8 | 43.00 | 71.00 | 114.00 | OK | |
r-release-windows-x86_64 | 0.2.8 | 42.00 | 103.00 | 145.00 | OK | |
r-oldrel-macos-arm64 | 0.2.8 | 27.00 | 41.00 | 68.00 | NOTE | |
r-oldrel-macos-x86_64 | 0.2.8 | 80.00 | 114.00 | 194.00 | NOTE | |
r-oldrel-windows-x86_64 | 0.2.8 | 54.00 | 125.00 | 179.00 | OK |
Version: 0.2.8
Check: HTML version of manual
Result: NOTE
Found the following HTML validation problems:
Rnw2Rmd.html:54:1 (Rnw2Rmd.Rd:16): Warning: missing </ul> before </div>
Flavors: r-devel-linux-x86_64-debian-clang, r-devel-linux-x86_64-debian-gcc
Version: 0.2.8
Check: installed package size
Result: NOTE
installed size is 5.4Mb
sub-directories of 1Mb or more:
data 5.1Mb
Flavors: r-oldrel-macos-arm64, r-oldrel-macos-x86_64