Last updated on 2025-10-22 05:51:16 CEST.
Flavor | Version | Tinstall | Tcheck | Ttotal | Status | Flags |
---|---|---|---|---|---|---|
r-devel-linux-x86_64-debian-clang | 0.4.3 | 31.37 | 101.13 | 132.50 | NOTE | |
r-devel-linux-x86_64-debian-gcc | 0.4.3 | 18.49 | 71.62 | 90.11 | NOTE | |
r-devel-linux-x86_64-fedora-clang | 0.4.3 | 71.00 | 153.60 | 224.60 | OK | |
r-devel-linux-x86_64-fedora-gcc | 0.4.3 | 48.00 | 144.34 | 192.34 | OK | |
r-devel-windows-x86_64 | 0.4.3 | 34.00 | 117.00 | 151.00 | OK | |
r-patched-linux-x86_64 | 0.4.3 | 28.70 | 92.92 | 121.62 | OK | |
r-release-linux-x86_64 | 0.4.3 | 29.02 | 94.23 | 123.25 | OK | |
r-release-macos-arm64 | 0.4.3 | 11.00 | 37.00 | 48.00 | OK | |
r-release-macos-x86_64 | 0.4.3 | 20.00 | 69.00 | 89.00 | OK | |
r-release-windows-x86_64 | 0.4.3 | 39.00 | 119.00 | 158.00 | OK | |
r-oldrel-macos-arm64 | 0.4.3 | 12.00 | 37.00 | 49.00 | OK | |
r-oldrel-macos-x86_64 | 0.4.3 | 17.00 | 59.00 | 76.00 | OK | |
r-oldrel-windows-x86_64 | 0.4.3 | 43.00 | 149.00 | 192.00 | OK |
Version: 0.4.3
Check: CRAN incoming feasibility
Result: NOTE
Maintainer: ‘Karsten Donnay <kdonnay@gmx.net>’
No Authors@R field in DESCRIPTION.
Please add one, modifying
Authors@R: c(person(given = "Karsten",
family = "Donnay",
role = c("aut", "cre"),
email = "kdonnay@gmx.net"),
person(given = "Eric",
family = "Dunford",
role = "aut"))
as necessary.
Flavors: r-devel-linux-x86_64-debian-clang, r-devel-linux-x86_64-debian-gcc