Last updated on 2025-10-25 06:49:46 CEST.
| Flavor | Version | Tinstall | Tcheck | Ttotal | Status | Flags |
|---|---|---|---|---|---|---|
| r-devel-linux-x86_64-debian-clang | 0.1.0 | 2.14 | 22.03 | 24.17 | OK | |
| r-devel-linux-x86_64-debian-gcc | 0.1.0 | 1.43 | 18.34 | 19.77 | OK | |
| r-devel-linux-x86_64-fedora-clang | 0.1.0 | 36.17 | NOTE | |||
| r-devel-linux-x86_64-fedora-gcc | 0.1.0 | 32.65 | NOTE | |||
| r-devel-windows-x86_64 | 0.1.0 | 4.00 | 39.00 | 43.00 | OK | |
| r-patched-linux-x86_64 | 0.1.0 | 1.74 | 19.80 | 21.54 | OK | |
| r-release-linux-x86_64 | 0.1.0 | 1.82 | 19.69 | 21.51 | OK | |
| r-release-macos-arm64 | 0.1.0 | 1.00 | 16.00 | 17.00 | OK | |
| r-release-macos-x86_64 | 0.1.0 | 2.00 | 22.00 | 24.00 | OK | |
| r-release-windows-x86_64 | 0.1.0 | 4.00 | 41.00 | 45.00 | OK | |
| r-oldrel-macos-arm64 | 0.1.0 | 1.00 | 15.00 | 16.00 | OK | |
| r-oldrel-macos-x86_64 | 0.1.0 | 2.00 | 19.00 | 21.00 | OK | |
| r-oldrel-windows-x86_64 | 0.1.0 | 4.00 | 44.00 | 48.00 | OK |
Version: 0.1.0
Check: dependencies in R code
Result: NOTE
Namespace in Imports field not imported from: ‘survival’
All declared Imports should be used.
Flavors: r-devel-linux-x86_64-fedora-clang, r-devel-linux-x86_64-fedora-gcc