Last updated on 2025-10-21 17:49:53 CEST.
Flavor | Version | Tinstall | Tcheck | Ttotal | Status | Flags |
---|---|---|---|---|---|---|
r-devel-linux-x86_64-debian-clang | 0.1.7 | 14.95 | 102.27 | 117.22 | NOTE | |
r-devel-linux-x86_64-debian-gcc | 0.1.7 | 11.97 | 83.12 | 95.09 | NOTE | |
r-devel-linux-x86_64-fedora-clang | 0.1.7 | 57.00 | 145.95 | 202.95 | OK | |
r-devel-linux-x86_64-fedora-gcc | 0.1.7 | 48.00 | 174.02 | 222.02 | OK | |
r-devel-windows-x86_64 | 0.1.7 | 18.00 | 160.00 | 178.00 | OK | |
r-patched-linux-x86_64 | 0.1.7 | 17.26 | 111.72 | 128.98 | OK | |
r-release-linux-x86_64 | 0.1.7 | 17.15 | 113.27 | 130.42 | OK | |
r-release-macos-arm64 | 0.1.7 | 10.00 | 67.00 | 77.00 | OK | |
r-release-macos-x86_64 | 0.1.7 | 14.00 | 151.00 | 165.00 | OK | |
r-release-windows-x86_64 | 0.1.7 | 19.00 | 157.00 | 176.00 | OK | |
r-oldrel-macos-arm64 | 0.1.7 | 8.00 | 39.00 | 47.00 | OK | |
r-oldrel-macos-x86_64 | 0.1.7 | 11.00 | 67.00 | 78.00 | OK | |
r-oldrel-windows-x86_64 | 0.1.7 | 21.00 | 192.00 | 213.00 | OK |
Version: 0.1.7
Check: HTML version of manual
Result: NOTE
Found the following HTML validation problems:
feprof.html:53:1 (feprof.Rd:13): Warning: missing </ul> before </div>
fespoint.html:66:1 (fespoint.Rd:20): Warning: missing </ul> before </div>
plotheights.html:95:1 (plotheights.Rd:35): Warning: missing </ul> before </div>
Flavors: r-devel-linux-x86_64-debian-clang, r-devel-linux-x86_64-debian-gcc