CRAN Package Check Results for Package metaheuristicOpt

Last updated on 2025-10-21 17:49:53 CEST.

Flavor Version Tinstall Tcheck Ttotal Status Flags
r-devel-linux-x86_64-debian-clang 2.0.0 4.25 54.81 59.06 OK
r-devel-linux-x86_64-debian-gcc 2.0.0 3.66 35.58 39.24 OK
r-devel-linux-x86_64-fedora-clang 2.0.0 14.00 81.59 95.59 OK
r-devel-linux-x86_64-fedora-gcc 2.0.0 11.00 75.22 86.22 OK
r-devel-windows-x86_64 2.0.0 4.00 62.00 66.00 OK
r-patched-linux-x86_64 2.0.0 4.81 49.01 53.82 OK
r-release-linux-x86_64 2.0.0 4.65 49.79 54.44 OK
r-release-macos-arm64 2.0.0 2.00 20.00 22.00 OK
r-release-macos-x86_64 2.0.0 5.00 40.00 45.00 OK
r-release-windows-x86_64 2.0.0 8.00 66.00 74.00 OK
r-oldrel-macos-arm64 2.0.0 2.00 21.00 23.00 NOTE
r-oldrel-macos-x86_64 2.0.0 3.00 34.00 37.00 NOTE
r-oldrel-windows-x86_64 2.0.0 6.00 60.00 66.00 NOTE

Check Details

Version: 2.0.0
Check: LazyData
Result: NOTE 'LazyData' is specified without a 'data' directory Flavors: r-oldrel-macos-arm64, r-oldrel-macos-x86_64, r-oldrel-windows-x86_64