Last updated on 2025-10-21 17:49:53 CEST.
Flavor | Version | Tinstall | Tcheck | Ttotal | Status | Flags |
---|---|---|---|---|---|---|
r-devel-linux-x86_64-debian-clang | 1.5.11 | 9.01 | 79.09 | 88.10 | NOTE | |
r-devel-linux-x86_64-debian-gcc | 1.5.11 | 6.60 | 61.58 | 68.18 | NOTE | |
r-devel-linux-x86_64-fedora-clang | 1.5.11 | 22.00 | 116.61 | 138.61 | OK | |
r-devel-linux-x86_64-fedora-gcc | 1.5.11 | 18.00 | 109.13 | 127.13 | OK | |
r-devel-windows-x86_64 | 1.5.11 | 11.00 | 83.00 | 94.00 | OK | |
r-patched-linux-x86_64 | 1.5.11 | 8.47 | 74.76 | 83.23 | OK | |
r-release-linux-x86_64 | 1.5.11 | 7.76 | 75.05 | 82.81 | OK | |
r-release-macos-arm64 | 1.5.11 | 4.00 | 36.00 | 40.00 | OK | |
r-release-macos-x86_64 | 1.5.11 | 9.00 | 73.00 | 82.00 | OK | |
r-release-windows-x86_64 | 1.5.11 | 11.00 | 85.00 | 96.00 | OK | |
r-oldrel-macos-arm64 | 1.5.11 | 3.00 | 33.00 | 36.00 | OK | |
r-oldrel-macos-x86_64 | 1.5.11 | 7.00 | 51.00 | 58.00 | OK | |
r-oldrel-windows-x86_64 | 1.5.11 | 13.00 | 107.00 | 120.00 | OK |
Version: 1.5.11
Check: CRAN incoming feasibility
Result: NOTE
Maintainer: ‘Sora Yoon <ysora90@gmail.com>’
No Authors@R field in DESCRIPTION.
Please add one, modifying
Authors@R: person(given = "Sora",
family = "Yoon",
role = c("aut", "cre"),
email = "ysora90@gmail.com")
as necessary.
Flavors: r-devel-linux-x86_64-debian-clang, r-devel-linux-x86_64-debian-gcc
Version: 1.5.11
Check: HTML version of manual
Result: NOTE
Found the following HTML validation problems:
F_i.html:54:1 (F_i.Rd:14): Warning: missing </ul> before </div>
Flavors: r-devel-linux-x86_64-debian-clang, r-devel-linux-x86_64-debian-gcc