CRAN Package Check Results for Package metropolis

Last updated on 2025-10-21 23:51:00 CEST.

Flavor Version Tinstall Tcheck Ttotal Status Flags
r-devel-linux-x86_64-debian-clang 0.1.8 2.54 132.74 135.28 NOTE
r-devel-linux-x86_64-debian-gcc 0.1.8 1.87 78.51 80.38 NOTE
r-devel-linux-x86_64-fedora-clang 0.1.8 223.60 OK
r-devel-linux-x86_64-fedora-gcc 0.1.8 227.45 OK
r-devel-windows-x86_64 0.1.8 3.00 154.00 157.00 OK
r-patched-linux-x86_64 0.1.8 2.54 124.13 126.67 OK
r-release-linux-x86_64 0.1.8 2.41 124.87 127.28 OK
r-release-macos-arm64 0.1.8 2.00 84.00 86.00 OK
r-release-macos-x86_64 0.1.8 2.00 118.00 120.00 OK
r-release-windows-x86_64 0.1.8 3.00 158.00 161.00 OK
r-oldrel-macos-arm64 0.1.8 1.00 49.00 50.00 OK
r-oldrel-macos-x86_64 0.1.8 2.00 91.00 93.00 OK
r-oldrel-windows-x86_64 0.1.8 5.00 214.00 219.00 OK

Check Details

Version: 0.1.8
Check: HTML version of manual
Result: NOTE Found the following HTML validation problems: metropolis.control.html:79:1 (metropolis.control.Rd:33): Warning: missing </ul> before </div> Flavors: r-devel-linux-x86_64-debian-clang, r-devel-linux-x86_64-debian-gcc