Last updated on 2025-10-21 11:53:29 CEST.
Flavor | Version | Tinstall | Tcheck | Ttotal | Status | Flags |
---|---|---|---|---|---|---|
r-devel-linux-x86_64-debian-clang | 0.2.1 | 27.90 | 158.00 | 185.90 | NOTE | |
r-devel-linux-x86_64-debian-gcc | 0.2.1 | 16.55 | 106.72 | 123.27 | NOTE | |
r-devel-linux-x86_64-fedora-clang | 0.2.1 | 308.87 | NOTE | |||
r-devel-linux-x86_64-fedora-gcc | 0.2.1 | 55.00 | 267.48 | 322.48 | NOTE | |
r-devel-windows-x86_64 | 0.2.1 | 32.00 | 202.00 | 234.00 | NOTE | |
r-patched-linux-x86_64 | 0.2.1 | 27.42 | 159.19 | 186.61 | NOTE | |
r-release-linux-x86_64 | 0.2.1 | 25.78 | 155.67 | 181.45 | NOTE | |
r-release-macos-arm64 | 0.2.1 | 98.00 | NOTE | |||
r-release-macos-x86_64 | 0.2.1 | 11.00 | 165.00 | 176.00 | NOTE | |
r-release-windows-x86_64 | 0.2.1 | 33.00 | 207.00 | 240.00 | NOTE | |
r-oldrel-macos-arm64 | 0.2.1 | 88.00 | NOTE | |||
r-oldrel-macos-x86_64 | 0.2.1 | 130.00 | NOTE | |||
r-oldrel-windows-x86_64 | 0.2.1 | 40.00 | 278.00 | 318.00 | NOTE |
Version: 0.2.1
Check: CRAN incoming feasibility
Result: NOTE
Maintainer: ‘Onno Kleen <r@onnokleen.de>’
Package CITATION file contains call(s) to old-style personList() or
as.personList(). Please use c() on person objects instead.
Package CITATION file contains call(s) to old-style citEntry(). Please
use bibentry() instead.
Flavors: r-devel-linux-x86_64-debian-clang, r-devel-linux-x86_64-debian-gcc
Version: 0.2.1
Check: package subdirectories
Result: NOTE
Problems with news in ‘NEWS.md’:
No news entries found.
Flavors: r-devel-linux-x86_64-debian-clang, r-devel-linux-x86_64-debian-gcc, r-devel-linux-x86_64-fedora-clang, r-devel-linux-x86_64-fedora-gcc, r-devel-windows-x86_64, r-patched-linux-x86_64, r-release-linux-x86_64, r-release-macos-arm64, r-release-macos-x86_64, r-release-windows-x86_64, r-oldrel-macos-arm64, r-oldrel-macos-x86_64, r-oldrel-windows-x86_64
Version: 0.2.1
Check: HTML version of manual
Result: NOTE
Found the following HTML validation problems:
plot_weighting_scheme.html:46:1 (plot_weighting_scheme.Rd:10): Warning: missing </ul> before </div>
Flavors: r-devel-linux-x86_64-debian-clang, r-devel-linux-x86_64-debian-gcc