Last updated on 2025-10-21 23:51:00 CEST.
Flavor | Version | Tinstall | Tcheck | Ttotal | Status | Flags |
---|---|---|---|---|---|---|
r-devel-linux-x86_64-debian-clang | 0.6 | 13.58 | 67.29 | 80.87 | NOTE | |
r-devel-linux-x86_64-debian-gcc | 0.6 | 7.56 | 48.39 | 55.95 | NOTE | |
r-devel-linux-x86_64-fedora-clang | 0.6 | 37.00 | 94.19 | 131.19 | OK | |
r-devel-linux-x86_64-fedora-gcc | 0.6 | 26.00 | 89.64 | 115.64 | OK | |
r-devel-windows-x86_64 | 0.6 | 14.00 | 74.00 | 88.00 | OK | |
r-patched-linux-x86_64 | 0.6 | 10.47 | 64.10 | 74.57 | OK | |
r-release-linux-x86_64 | 0.6 | 11.04 | 63.36 | 74.40 | OK | |
r-release-macos-arm64 | 0.6 | 8.00 | 28.00 | 36.00 | OK | |
r-release-macos-x86_64 | 0.6 | 23.00 | 46.00 | 69.00 | OK | |
r-release-windows-x86_64 | 0.6 | 15.00 | 76.00 | 91.00 | OK | |
r-oldrel-macos-arm64 | 0.6 | 8.00 | 27.00 | 35.00 | OK | |
r-oldrel-macos-x86_64 | 0.6 | 15.00 | 44.00 | 59.00 | OK | |
r-oldrel-windows-x86_64 | 0.6 | 18.00 | 97.00 | 115.00 | OK |
Version: 0.6
Check: HTML version of manual
Result: NOTE
Found the following HTML validation problems:
summary.mgee2.html:52:1 (summary.mgee2.Rd:13): Warning: missing </ul> before </div>
Flavors: r-devel-linux-x86_64-debian-clang, r-devel-linux-x86_64-debian-gcc