Last updated on 2025-10-21 17:49:54 CEST.
Flavor | Version | Tinstall | Tcheck | Ttotal | Status | Flags |
---|---|---|---|---|---|---|
r-devel-linux-x86_64-debian-clang | 0.4.3 | 3.61 | 30.00 | 33.61 | NOTE | |
r-devel-linux-x86_64-debian-gcc | 0.4.3 | 2.52 | 22.41 | 24.93 | NOTE | |
r-devel-linux-x86_64-fedora-clang | 0.4.3 | 50.72 | OK | |||
r-devel-linux-x86_64-fedora-gcc | 0.4.3 | 47.38 | OK | |||
r-devel-windows-x86_64 | 0.4.3 | 6.00 | 50.00 | 56.00 | OK | |
r-patched-linux-x86_64 | 0.4.3 | 3.44 | 27.50 | 30.94 | OK | |
r-release-linux-x86_64 | 0.4.3 | 3.13 | 27.67 | 30.80 | OK | |
r-release-macos-arm64 | 0.4.3 | 3.00 | 17.00 | 20.00 | OK | |
r-release-macos-x86_64 | 0.4.3 | 5.00 | 35.00 | 40.00 | OK | |
r-release-windows-x86_64 | 0.4.3 | 7.00 | 52.00 | 59.00 | OK | |
r-oldrel-macos-arm64 | 0.4.3 | 3.00 | 17.00 | 20.00 | OK | |
r-oldrel-macos-x86_64 | 0.4.3 | 7.00 | 40.00 | 47.00 | OK | |
r-oldrel-windows-x86_64 | 0.4.3 | 7.00 | 59.00 | 66.00 | OK |
Version: 0.4.3
Check: top-level files
Result: NOTE
Found the following validation problem for the NEWS.Rd HTML conversion:
NEWS.html:437:1 (inst/NEWS.Rd:228): Warning: missing </ul> before </div>
NEWS.html:59:1 (inst/NEWS.Rd:29): Warning: <h4> anchor "Changed" already defined
NEWS.html:87:1 (inst/NEWS.Rd:42): Warning: <h4> anchor "Changed" already defined
NEWS.html:123:1 (inst/NEWS.Rd:63): Warning: <h4> anchor "Changed" already defined
NEWS.html:181:1 (inst/NEWS.Rd:92): Warning: <h4> anchor "Changed" already defined
NEWS.html:209:1 (inst/NEWS.Rd:108): Warning: <h4> anchor "Added" already defined
NEWS.html:220:1 (inst/NEWS.Rd:113): Warning: <h4> anchor "Fixed" already defined
NEWS.html:235:1 (inst/NEWS.Rd:121): Warning: <h4> anchor "Changed" already defined
NEWS.html:251:1 (inst/NEWS.Rd:129): Warning: <h4> anchor "Added" already defined
NEWS.html:267:1 (inst/NEWS.Rd:138): Warning: <h4> anchor "Changed" already defined
NEWS.html:285:1 (inst/NEWS.Rd:149): Warning: <h4> anchor "Added" already defined
NEWS.html:310:1 (inst/NEWS.Rd:166): Warning: <h4> anchor "Changed" already defined
NEWS.html:350:1 (inst/NEWS.Rd:187): Warning: <h4> anchor "Changed" already defined
NEWS.html:380:1 (inst/NEWS.Rd:203): Warning: <h4> anchor "Added" already defined
NEWS.html:402:1 (inst/NEWS.Rd:214): Warning: <h4> anchor "Changed" already defined
NEWS.html:423:1 (inst/NEWS.Rd:224): Warning: <h4> anchor "Added" already defined
Flavors: r-devel-linux-x86_64-debian-clang, r-devel-linux-x86_64-debian-gcc