Last updated on 2025-10-21 23:51:00 CEST.
Flavor | Version | Tinstall | Tcheck | Ttotal | Status | Flags |
---|---|---|---|---|---|---|
r-devel-linux-x86_64-debian-clang | 2.8 | 34.14 | 131.71 | 165.85 | NOTE | |
r-devel-linux-x86_64-debian-gcc | 2.8 | 23.93 | 96.29 | 120.22 | NOTE | |
r-devel-linux-x86_64-fedora-clang | 2.8 | 142.00 | 128.51 | 270.51 | OK | |
r-devel-linux-x86_64-fedora-gcc | 2.8 | 66.00 | 174.57 | 240.57 | OK | |
r-devel-windows-x86_64 | 2.8 | 38.00 | 143.00 | 181.00 | OK | |
r-patched-linux-x86_64 | 2.8 | 32.01 | 119.64 | 151.65 | OK | |
r-release-linux-x86_64 | 2.8 | 32.23 | 121.32 | 153.55 | OK | |
r-release-macos-arm64 | 2.8 | 13.00 | 45.00 | 58.00 | OK | |
r-release-macos-x86_64 | 2.8 | 21.00 | 84.00 | 105.00 | OK | |
r-release-windows-x86_64 | 2.8 | 39.00 | 142.00 | 181.00 | OK | |
r-oldrel-macos-arm64 | 2.8 | 12.00 | 44.00 | 56.00 | OK | |
r-oldrel-macos-x86_64 | 2.8 | 28.00 | 95.00 | 123.00 | OK | |
r-oldrel-windows-x86_64 | 2.8 | 49.00 | 189.00 | 238.00 | OK |
Version: 2.8
Check: HTML version of manual
Result: NOTE
Found the following HTML validation problems:
md.expprep.html:50:1 (md.expprep.Rd:12): Warning: missing </ul> before </div>
md.init.html:45:1 (md.init.Rd:10): Warning: missing </ul> before </div>
md.survdump.html:50:1 (md.survdump.Rd:12): Warning: missing </ul> before </div>
md.survprob.html:58:1 (md.survprob.Rd:16): Warning: missing </ul> before </div>
md.survtime.html:58:1 (md.survtime.Rd:16): Warning: missing </ul> before </div>
Flavors: r-devel-linux-x86_64-debian-clang, r-devel-linux-x86_64-debian-gcc