Last updated on 2025-10-24 18:50:00 CEST.
| Flavor | Version | Tinstall | Tcheck | Ttotal | Status | Flags |
|---|---|---|---|---|---|---|
| r-devel-linux-x86_64-debian-clang | 0.2.0 | 6.56 | 325.05 | 331.61 | OK | |
| r-devel-linux-x86_64-debian-gcc | 0.2.0 | 4.55 | 196.99 | 201.54 | OK | |
| r-devel-linux-x86_64-fedora-clang | 0.2.0 | 19.00 | 468.28 | 487.28 | OK | |
| r-devel-linux-x86_64-fedora-gcc | 0.2.0 | 14.00 | 450.63 | 464.63 | OK | |
| r-devel-windows-x86_64 | 0.2.0 | 9.00 | 222.00 | 231.00 | OK | |
| r-patched-linux-x86_64 | 0.2.0 | 5.92 | 304.46 | 310.38 | OK | |
| r-release-linux-x86_64 | 0.2.0 | 6.43 | 307.89 | 314.32 | OK | |
| r-release-macos-arm64 | 0.2.0 | 3.00 | 83.00 | 86.00 | OK | |
| r-release-macos-x86_64 | 0.2.0 | 7.00 | 218.00 | 225.00 | OK | |
| r-release-windows-x86_64 | 0.2.0 | 10.00 | 221.00 | 231.00 | OK | |
| r-oldrel-macos-arm64 | 0.2.0 | 3.00 | 89.00 | 92.00 | WARN | |
| r-oldrel-macos-x86_64 | 0.2.0 | 6.00 | 216.00 | 222.00 | WARN | |
| r-oldrel-windows-x86_64 | 0.2.0 | 12.00 | 319.00 | 331.00 | NOTE |
Version: 0.2.0
Check: installed package size
Result: NOTE
installed size is 6.5Mb
sub-directories of 1Mb or more:
doc 6.2Mb
Flavors: r-oldrel-macos-arm64, r-oldrel-macos-x86_64, r-oldrel-windows-x86_64
Version: 0.2.0
Check: DESCRIPTION meta-information
Result: WARN
Non-standard license specification:
EUPL-1.2
Standardizable: FALSE
Flavors: r-oldrel-macos-arm64, r-oldrel-macos-x86_64