Last updated on 2025-10-24 18:50:00 CEST.
| Flavor | Version | Tinstall | Tcheck | Ttotal | Status | Flags |
|---|---|---|---|---|---|---|
| r-devel-linux-x86_64-debian-clang | 1.1.2 | 115.44 | 77.12 | 192.56 | OK | |
| r-devel-linux-x86_64-debian-gcc | 1.1.2 | 62.98 | 54.63 | 117.61 | OK | |
| r-devel-linux-x86_64-fedora-clang | 1.1.2 | 215.00 | 144.85 | 359.85 | OK | |
| r-devel-linux-x86_64-fedora-gcc | 1.1.2 | 191.00 | 127.72 | 318.72 | OK | |
| r-devel-windows-x86_64 | 1.1.2 | 126.00 | 123.00 | 249.00 | OK | |
| r-patched-linux-x86_64 | 1.1.2 | 102.12 | 74.20 | 176.32 | OK | |
| r-release-linux-x86_64 | 1.1.2 | 108.73 | 72.26 | 180.99 | OK | |
| r-release-macos-arm64 | 1.1.2 | 36.00 | 54.00 | 90.00 | OK | |
| r-release-macos-x86_64 | 1.1.2 | 40.00 | 88.00 | 128.00 | OK | |
| r-release-windows-x86_64 | 1.1.2 | 131.00 | 127.00 | 258.00 | OK | |
| r-oldrel-macos-arm64 | 1.1.2 | 38.00 | 43.00 | 81.00 | NOTE | |
| r-oldrel-macos-x86_64 | 1.1.2 | 39.00 | 111.00 | 150.00 | NOTE | |
| r-oldrel-windows-x86_64 | 1.1.2 | 150.00 | 147.00 | 297.00 | OK |
Version: 1.1.2
Check: installed package size
Result: NOTE
installed size is 5.3Mb
sub-directories of 1Mb or more:
libs 4.8Mb
Flavors: r-oldrel-macos-arm64, r-oldrel-macos-x86_64