Last updated on 2025-10-21 11:53:30 CEST.
Flavor | Version | Tinstall | Tcheck | Ttotal | Status | Flags |
---|---|---|---|---|---|---|
r-devel-linux-x86_64-debian-clang | 1.3.5 | 2.16 | 37.16 | 39.32 | NOTE | |
r-devel-linux-x86_64-debian-gcc | 1.3.5 | 2.04 | 29.39 | 31.43 | NOTE | |
r-devel-linux-x86_64-fedora-clang | 1.3.5 | 64.60 | OK | |||
r-devel-linux-x86_64-fedora-gcc | 1.3.5 | 74.23 | OK | |||
r-devel-windows-x86_64 | 1.3.5 | 6.00 | 60.00 | 66.00 | OK | |
r-patched-linux-x86_64 | 1.3.5 | 2.93 | 36.33 | 39.26 | OK | |
r-release-linux-x86_64 | 1.3.5 | 2.57 | 35.78 | 38.35 | OK | |
r-release-macos-arm64 | 1.3.5 | 32.00 | OK | |||
r-release-macos-x86_64 | 1.3.5 | 3.00 | 48.00 | 51.00 | OK | |
r-release-windows-x86_64 | 1.3.5 | 9.00 | 62.00 | 71.00 | OK | |
r-oldrel-macos-arm64 | 1.3.5 | 35.00 | OK | |||
r-oldrel-macos-x86_64 | 1.3.5 | 63.00 | OK | |||
r-oldrel-windows-x86_64 | 1.3.5 | 7.00 | 71.00 | 78.00 | OK |
Version: 1.3.5
Check: HTML version of manual
Result: NOTE
Found the following HTML validation problems:
compileUtilityFunction.html:48:1 (compileUtilityFunction.Rd:11): Warning: missing </ul> before </div>
Flavors: r-devel-linux-x86_64-debian-clang, r-devel-linux-x86_64-debian-gcc