Last updated on 2025-10-24 18:50:00 CEST.
| Flavor | Version | Tinstall | Tcheck | Ttotal | Status | Flags |
|---|---|---|---|---|---|---|
| r-devel-linux-x86_64-debian-clang | 6.3-1 | 18.40 | 153.23 | 171.63 | NOTE | |
| r-devel-linux-x86_64-debian-gcc | 6.3-1 | 9.95 | 106.47 | 116.42 | NOTE | |
| r-devel-linux-x86_64-fedora-clang | 6.3-1 | 48.00 | 232.21 | 280.21 | OK | |
| r-devel-linux-x86_64-fedora-gcc | 6.3-1 | 35.00 | 233.05 | 268.05 | OK | |
| r-devel-windows-x86_64 | 6.3-1 | 18.00 | 138.00 | 156.00 | OK | |
| r-patched-linux-x86_64 | 6.3-1 | 18.18 | 142.46 | 160.64 | OK | |
| r-release-linux-x86_64 | 6.3-1 | 14.37 | 143.52 | 157.89 | OK | |
| r-release-macos-arm64 | 6.3-1 | 10.00 | 86.00 | 96.00 | OK | |
| r-release-macos-x86_64 | 6.3-1 | 20.00 | 169.00 | 189.00 | OK | |
| r-release-windows-x86_64 | 6.3-1 | 18.00 | 143.00 | 161.00 | OK | |
| r-oldrel-macos-arm64 | 6.3-1 | 7.00 | 61.00 | 68.00 | OK | |
| r-oldrel-macos-x86_64 | 6.3-1 | 11.00 | 97.00 | 108.00 | OK | |
| r-oldrel-windows-x86_64 | 6.3-1 | 24.00 | 192.00 | 216.00 | OK |
Version: 6.3-1
Check: CRAN incoming feasibility
Result: NOTE
Maintainer: ‘Qingzhao Yu <qyu@lsuhsc.edu>’
No Authors@R field in DESCRIPTION.
Please add one, modifying
Authors@R: c(person(given = "Qingzhao",
family = "Yu",
role = c("aut", "cre"),
email = "qyu@lsuhsc.edu"),
person(given = "Bin",
family = "Li",
role = "aut"))
as necessary.
Flavors: r-devel-linux-x86_64-debian-clang, r-devel-linux-x86_64-debian-gcc