Last updated on 2024-05-26 21:49:21 CEST.
Flavor | Version | Tinstall | Tcheck | Ttotal | Status | Flags |
---|---|---|---|---|---|---|
r-devel-linux-x86_64-debian-clang | 0.5.0 | 5.95 | 392.23 | 398.18 | NOTE | |
r-devel-linux-x86_64-debian-gcc | 0.5.0 | 4.26 | 280.85 | 285.11 | NOTE | |
r-devel-linux-x86_64-fedora-clang | 0.5.0 | 460.75 | NOTE | |||
r-devel-linux-x86_64-fedora-gcc | 0.5.0 | 456.59 | NOTE | |||
r-devel-windows-x86_64 | 0.5.0 | 5.00 | 282.00 | 287.00 | NOTE | |
r-patched-linux-x86_64 | 0.5.0 | 5.65 | 365.59 | 371.24 | NOTE | |
r-release-linux-x86_64 | 0.5.0 | 5.50 | 363.95 | 369.45 | NOTE | |
r-release-macos-arm64 | 0.5.0 | 126.00 | NOTE | |||
r-release-windows-x86_64 | 0.5.0 | 5.00 | 283.00 | 288.00 | NOTE | |
r-oldrel-macos-arm64 | 0.5.0 | 144.00 | NOTE | |||
r-oldrel-macos-x86_64 | 0.5.0 | 255.00 | NOTE | |||
r-oldrel-windows-x86_64 | 0.5.0 | 7.00 | 409.00 | 416.00 | NOTE |
Version: 0.5.0
Check: package subdirectories
Result: NOTE
Problems with news in ‘NEWS.md’:
No news entries found.
Flavors: r-devel-linux-x86_64-debian-clang, r-devel-linux-x86_64-debian-gcc, r-devel-linux-x86_64-fedora-clang, r-devel-linux-x86_64-fedora-gcc, r-devel-windows-x86_64, r-patched-linux-x86_64, r-release-linux-x86_64, r-release-macos-arm64, r-release-windows-x86_64, r-oldrel-macos-arm64, r-oldrel-macos-x86_64, r-oldrel-windows-x86_64
Version: 0.5.0
Check: LazyData
Result: NOTE
'LazyData' is specified without a 'data' directory
Flavors: r-devel-linux-x86_64-debian-clang, r-devel-linux-x86_64-debian-gcc, r-devel-linux-x86_64-fedora-clang, r-devel-linux-x86_64-fedora-gcc, r-devel-windows-x86_64, r-patched-linux-x86_64, r-release-linux-x86_64, r-release-macos-arm64, r-release-windows-x86_64, r-oldrel-macos-arm64, r-oldrel-macos-x86_64, r-oldrel-windows-x86_64