Last updated on 2025-10-24 05:50:47 CEST.
| Flavor | Version | Tinstall | Tcheck | Ttotal | Status | Flags |
|---|---|---|---|---|---|---|
| r-devel-linux-x86_64-debian-clang | 1.6.3 | 35.82 | 34.54 | 70.36 | NOTE | |
| r-devel-linux-x86_64-debian-gcc | 1.6.3 | 25.94 | 26.64 | 52.58 | NOTE | |
| r-devel-linux-x86_64-fedora-clang | 1.6.3 | 129.00 | 4.22 | 133.22 | OK | |
| r-devel-linux-x86_64-fedora-gcc | 1.6.3 | 88.00 | 29.76 | 117.76 | OK | |
| r-devel-windows-x86_64 | 1.6.3 | 40.00 | 74.00 | 114.00 | OK | |
| r-patched-linux-x86_64 | 1.6.3 | 37.03 | 31.13 | 68.16 | OK | |
| r-release-linux-x86_64 | 1.6.3 | 37.12 | 31.17 | 68.29 | OK | |
| r-release-macos-arm64 | 1.6.3 | 22.00 | 20.00 | 42.00 | OK | |
| r-release-macos-x86_64 | 1.6.3 | 27.00 | 36.00 | 63.00 | OK | |
| r-release-windows-x86_64 | 1.6.3 | 44.00 | 79.00 | 123.00 | OK | |
| r-oldrel-macos-arm64 | 1.6.3 | 17.00 | 24.00 | 41.00 | OK | |
| r-oldrel-macos-x86_64 | 1.6.3 | 21.00 | 39.00 | 60.00 | OK | |
| r-oldrel-windows-x86_64 | 1.6.3 | 44.00 | 90.00 | 134.00 | OK |
Version: 1.6.3
Check: CRAN incoming feasibility
Result: NOTE
Maintainer: ‘Jon Clayden <code@clayden.org>’
No Authors@R field in DESCRIPTION.
Please add one, modifying
Authors@R: person(given = "Jon",
family = "Clayden",
role = c("aut", "cre"),
email = "code@clayden.org")
as necessary.
Flavors: r-devel-linux-x86_64-debian-clang, r-devel-linux-x86_64-debian-gcc