Last updated on 2025-10-23 05:51:59 CEST.
Flavor | Version | Tinstall | Tcheck | Ttotal | Status | Flags |
---|---|---|---|---|---|---|
r-devel-linux-x86_64-debian-clang | 1.0.0 | 3.69 | 54.61 | 58.30 | NOTE | |
r-devel-linux-x86_64-debian-gcc | 1.0.0 | 2.56 | 40.82 | 43.38 | OK | |
r-devel-linux-x86_64-fedora-clang | 1.0.0 | 90.70 | OK | |||
r-devel-linux-x86_64-fedora-gcc | 1.0.0 | 84.38 | OK | |||
r-devel-windows-x86_64 | 1.0.0 | 5.00 | 68.00 | 73.00 | OK | |
r-patched-linux-x86_64 | 1.0.0 | 3.95 | 51.03 | 54.98 | OK | |
r-release-linux-x86_64 | 1.0.0 | 2.71 | 51.41 | 54.12 | OK | |
r-release-macos-arm64 | 1.0.0 | 2.00 | 31.00 | 33.00 | OK | |
r-release-macos-x86_64 | 1.0.0 | 5.00 | 84.00 | 89.00 | OK | |
r-release-windows-x86_64 | 1.0.0 | 6.00 | 68.00 | 74.00 | OK | |
r-oldrel-macos-arm64 | 1.0.0 | 2.00 | 30.00 | 32.00 | OK | |
r-oldrel-macos-x86_64 | 1.0.0 | 6.00 | 91.00 | 97.00 | OK | |
r-oldrel-windows-x86_64 | 1.0.0 | 7.00 | 86.00 | 93.00 | OK |
Version: 1.0.0
Check: HTML version of manual
Result: NOTE
Found the following HTML validation problems:
calculate_mme.html:62:1 (calculate_mme.Rd:14): Warning: missing </ul> before </div>
opioid_trial.html:70:1 (opioid_trial.Rd:22): Warning: missing </ul> before </div>
Flavor: r-devel-linux-x86_64-debian-clang