Last updated on 2025-10-22 11:51:16 CEST.
Flavor | Version | Tinstall | Tcheck | Ttotal | Status | Flags |
---|---|---|---|---|---|---|
r-devel-linux-x86_64-debian-clang | 0.9-8 | 10.34 | 193.49 | 203.83 | NOTE | |
r-devel-linux-x86_64-debian-gcc | 0.9-8 | 8.36 | 127.45 | 135.81 | NOTE | |
r-devel-linux-x86_64-fedora-clang | 0.9-8 | 22.00 | 297.52 | 319.52 | NOTE | |
r-devel-linux-x86_64-fedora-gcc | 0.9-8 | 24.00 | 280.73 | 304.73 | NOTE | |
r-devel-windows-x86_64 | 0.9-8 | 11.00 | 173.00 | 184.00 | NOTE | |
r-patched-linux-x86_64 | 0.9-8 | 9.96 | 184.31 | 194.27 | NOTE | |
r-release-linux-x86_64 | 0.9-8 | 10.30 | 185.18 | 195.48 | NOTE | |
r-release-macos-arm64 | 0.9-8 | 4.00 | 64.00 | 68.00 | OK | |
r-release-macos-x86_64 | 0.9-8 | 9.00 | 138.00 | 147.00 | OK | |
r-release-windows-x86_64 | 0.9-8 | 11.00 | 173.00 | 184.00 | NOTE | |
r-oldrel-macos-arm64 | 0.9-8 | 5.00 | 75.00 | 80.00 | OK | |
r-oldrel-macos-x86_64 | 0.9-8 | 9.00 | 133.00 | 142.00 | OK | |
r-oldrel-windows-x86_64 | 0.9-8 | 16.00 | 245.00 | 261.00 | OK |
Version: 0.9-8
Check: top-level files
Result: NOTE
Found the following validation problem for the NEWS.Rd HTML conversion:
NEWS.html:117:1 (inst/NEWS.Rd:58): Warning: missing </ul> before </div>
NEWS.html:31:1 (inst/NEWS.Rd:12): Warning: <h3> anchor "Changes-in-Version-0.9-6" already defined
Flavors: r-devel-linux-x86_64-debian-clang, r-devel-linux-x86_64-debian-gcc
Version: 0.9-8
Check: tests
Result: NOTE
Running ‘test-pmodel-test.R’ [22s/31s]
Running ‘test-pmodel.R’ [33s/42s]
Comparing ‘test-pmodel.Rout’ to ‘test-pmodel.Rout.save’ ... OK
Running ‘test-pmtree.R’ [19s/25s]
Comparing ‘test-pmtree.Rout’ to ‘test-pmtree.Rout.save’ ...13,18d12
< Warning message:
< `aes_string()` was deprecated in ggplot2 3.0.0.
< ℹ Please use tidy evaluation idioms with `aes()`.
< ℹ See also `vignette("ggplot2-in-packages")` for more information.
< ℹ The deprecated feature was likely used in the model4you package.
< Please report the issue to the authors.
Flavor: r-devel-linux-x86_64-debian-clang
Version: 0.9-8
Check: HTML version of manual
Result: NOTE
Found the following HTML validation problems:
objfun.pmodel_identity.html:63:1 (objfun.pmodel_identity.Rd:21): Warning: missing </ul> before </div>
Flavors: r-devel-linux-x86_64-debian-clang, r-devel-linux-x86_64-debian-gcc
Version: 0.9-8
Check: tests
Result: NOTE
Running ‘test-pmodel-test.R’ [13s/13s]
Running ‘test-pmodel.R’ [20s/20s]
Comparing ‘test-pmodel.Rout’ to ‘test-pmodel.Rout.save’ ... OK
Running ‘test-pmtree.R’ [11s/12s]
Comparing ‘test-pmtree.Rout’ to ‘test-pmtree.Rout.save’ ...13,18d12
< Warning message:
< `aes_string()` was deprecated in ggplot2 3.0.0.
< ℹ Please use tidy evaluation idioms with `aes()`.
< ℹ See also `vignette("ggplot2-in-packages")` for more information.
< ℹ The deprecated feature was likely used in the model4you package.
< Please report the issue to the authors.
Flavor: r-devel-linux-x86_64-debian-gcc
Version: 0.9-8
Check: tests
Result: NOTE
Running ‘test-pmodel-test.R’ [34s/43s]
Running ‘test-pmodel.R’ [53s/63s]
Comparing ‘test-pmodel.Rout’ to ‘test-pmodel.Rout.save’ ... OK
Running ‘test-pmtree.R’ [30s/37s]
Comparing ‘test-pmtree.Rout’ to ‘test-pmtree.Rout.save’ ...13,18d12
< Warning message:
< `aes_string()` was deprecated in ggplot2 3.0.0.
< ℹ Please use tidy evaluation idioms with `aes()`.
< ℹ See also `vignette("ggplot2-in-packages")` for more information.
< ℹ The deprecated feature was likely used in the model4you package.
< Please report the issue to the authors.
Flavor: r-devel-linux-x86_64-fedora-clang
Version: 0.9-8
Check: tests
Result: NOTE
Running ‘test-pmodel-test.R’ [32s/41s]
Running ‘test-pmodel.R’ [51s/65s]
Comparing ‘test-pmodel.Rout’ to ‘test-pmodel.Rout.save’ ... OK
Running ‘test-pmtree.R’ [29s/38s]
Comparing ‘test-pmtree.Rout’ to ‘test-pmtree.Rout.save’ ...13,18d12
< Warning message:
< `aes_string()` was deprecated in ggplot2 3.0.0.
< ℹ Please use tidy evaluation idioms with `aes()`.
< ℹ See also `vignette("ggplot2-in-packages")` for more information.
< ℹ The deprecated feature was likely used in the model4you package.
< Please report the issue to the authors.
Flavor: r-devel-linux-x86_64-fedora-gcc
Version: 0.9-8
Check: tests
Result: NOTE
Running 'test-pmodel-test.R' [16s]
Running 'test-pmodel.R' [25s]
Comparing 'test-pmodel.Rout' to 'test-pmodel.Rout.save' ... OK
Running 'test-pmtree.R' [14s]
Comparing 'test-pmtree.Rout' to 'test-pmtree.Rout.save' ...13,18d12
< Warning message:
< `aes_string()` was deprecated in ggplot2 3.0.0.
< ℹ Please use tidy evaluation idioms with `aes()`.
< ℹ See also `vignette("ggplot2-in-packages")` for more information.
< ℹ The deprecated feature was likely used in the model4you package.
< Please report the issue to the authors.
Flavor: r-devel-windows-x86_64
Version: 0.9-8
Check: tests
Result: NOTE
Running ‘test-pmodel-test.R’ [21s/30s]
Running ‘test-pmodel.R’ [31s/41s]
Comparing ‘test-pmodel.Rout’ to ‘test-pmodel.Rout.save’ ... OK
Running ‘test-pmtree.R’ [19s/24s]
Comparing ‘test-pmtree.Rout’ to ‘test-pmtree.Rout.save’ ...13,18d12
< Warning message:
< `aes_string()` was deprecated in ggplot2 3.0.0.
< ℹ Please use tidy evaluation idioms with `aes()`.
< ℹ See also `vignette("ggplot2-in-packages")` for more information.
< ℹ The deprecated feature was likely used in the model4you package.
< Please report the issue to the authors.
Flavor: r-patched-linux-x86_64
Version: 0.9-8
Check: tests
Result: NOTE
Running ‘test-pmodel-test.R’ [20s/25s]
Running ‘test-pmodel.R’ [32s/41s]
Comparing ‘test-pmodel.Rout’ to ‘test-pmodel.Rout.save’ ... OK
Running ‘test-pmtree.R’ [18s/22s]
Comparing ‘test-pmtree.Rout’ to ‘test-pmtree.Rout.save’ ...13,18d12
< Warning message:
< `aes_string()` was deprecated in ggplot2 3.0.0.
< ℹ Please use tidy evaluation idioms with `aes()`.
< ℹ See also `vignette("ggplot2-in-packages")` for more information.
< ℹ The deprecated feature was likely used in the model4you package.
< Please report the issue to the authors.
Flavor: r-release-linux-x86_64
Version: 0.9-8
Check: tests
Result: NOTE
Running 'test-pmodel-test.R' [16s]
Running 'test-pmodel.R' [24s]
Comparing 'test-pmodel.Rout' to 'test-pmodel.Rout.save' ... OK
Running 'test-pmtree.R' [14s]
Comparing 'test-pmtree.Rout' to 'test-pmtree.Rout.save' ...13,18d12
< Warning message:
< `aes_string()` was deprecated in ggplot2 3.0.0.
< ℹ Please use tidy evaluation idioms with `aes()`.
< ℹ See also `vignette("ggplot2-in-packages")` for more information.
< ℹ The deprecated feature was likely used in the model4you package.
< Please report the issue to the authors.
Flavor: r-release-windows-x86_64