CRAN Package Check Results for Package modeltime

Last updated on 2025-10-21 23:51:01 CEST.

Flavor Version Tinstall Tcheck Ttotal Status Flags
r-devel-linux-x86_64-debian-clang 1.3.2 31.87 298.46 330.33 NOTE
r-devel-linux-x86_64-debian-gcc 1.3.2 21.90 209.38 231.28 NOTE
r-devel-linux-x86_64-fedora-clang 1.3.2 171.00 376.76 547.76 OK
r-devel-linux-x86_64-fedora-gcc 1.3.2 61.00 445.33 506.33 OK
r-devel-windows-x86_64 1.3.2 32.00 296.00 328.00 OK
r-patched-linux-x86_64 1.3.2 32.91 283.84 316.75 OK
r-release-linux-x86_64 1.3.2 28.53 284.96 313.49 OK
r-release-macos-arm64 1.3.2 10.00 96.00 106.00 OK
r-release-macos-x86_64 1.3.2 27.00 189.00 216.00 OK
r-release-windows-x86_64 1.3.2 32.00 296.00 328.00 OK
r-oldrel-macos-arm64 1.3.2 10.00 99.00 109.00 OK
r-oldrel-macos-x86_64 1.3.2 23.00 180.00 203.00 OK
r-oldrel-windows-x86_64 1.3.2 44.00 397.00 441.00 OK

Check Details

Version: 1.3.2
Check: HTML version of manual
Result: NOTE Found the following HTML validation problems: Adam_predict_impl.html:54:1 (Adam_predict_impl.Rd:14): Warning: missing </ul> before </div> Arima_fit_impl.html:94:1 (Arima_fit_impl.Rd:40): Warning: missing </ul> before </div> Arima_predict_impl.html:54:1 (Arima_predict_impl.Rd:14): Warning: missing </ul> before </div> Auto_adam_predict_impl.html:54:1 (Auto_adam_predict_impl.Rd:14): Warning: missing </ul> before </div> adam_fit_impl.html:149:1 (adam_fit_impl.Rd:75): Warning: missing </ul> before </div> arima_xgboost_fit_impl.html:208:1 (arima_xgboost_fit_impl.Rd:120): Warning: missing </ul> before </div> arima_xgboost_predict_impl.html:54:1 (arima_xgboost_predict_impl.Rd:14): Warning: missing </ul> before </div> auto_adam_fit_impl.html:149:1 (auto_adam_fit_impl.Rd:75): Warning: missing </ul> before </div> auto_arima_fit_impl.html:94:1 (auto_arima_fit_impl.Rd:40): Warning: missing </ul> before </div> auto_arima_xgboost_fit_impl.html:302:1 (auto_arima_xgboost_fit_impl.Rd:180): Warning: missing </ul> before </div> croston_fit_impl.html:58:1 (croston_fit_impl.Rd:16): Warning: missing </ul> before </div> croston_predict_impl.html:54:1 (croston_predict_impl.Rd:14): Warning: missing </ul> before </div> ets_fit_impl.html:100:1 (ets_fit_impl.Rd:44): Warning: missing </ul> before </div> ets_predict_impl.html:54:1 (ets_predict_impl.Rd:14): Warning: missing </ul> before </div> is_calibrated.html:47:1 (is_calibrated.Rd:10): Warning: missing </ul> before </div> is_modeltime_model.html:47:1 (is_modeltime_model.Rd:10): Warning: missing </ul> before </div> is_modeltime_table.html:46:1 (is_modeltime_table.Rd:10): Warning: missing </ul> before </div> is_residuals.html:46:1 (is_residuals.Rd:10): Warning: missing </ul> before </div> log_extractors.html:79:1 (log_extractors.Rd:44): Warning: missing </ul> before </div> modeltime_nested_fit.html:144:1 (modeltime_nested_fit.Rd:71): Warning: missing </ul> before </div> modeltime_nested_forecast.html:147:1 (modeltime_nested_forecast.Rd:77): Warning: missing </ul> before </div> modeltime_nested_refit.html:64:1 (modeltime_nested_refit.Rd:12): Warning: missing </ul> before </div> modeltime_nested_select_best.html:96:1 (modeltime_nested_select_best.Rd:30): Warning: missing </ul> before </div> naive_fit_impl.html:62:1 (naive_fit_impl.Rd:18): Warning: missing </ul> before </div> naive_predict_impl.html:50:1 (naive_predict_impl.Rd:12): Warning: missing </ul> before </div> nnetar_fit_impl.html:102:1 (nnetar_fit_impl.Rd:48): Warning: missing </ul> before </div> nnetar_predict_impl.html:54:1 (nnetar_predict_impl.Rd:14): Warning: missing </ul> before </div> prophet_fit_impl.html:154:1 (prophet_fit_impl.Rd:84): Warning: missing </ul> before </div> prophet_predict_impl.html:54:1 (prophet_predict_impl.Rd:14): Warning: missing </ul> before </div> prophet_xgboost_fit_impl.html:246:1 (prophet_xgboost_fit_impl.Rd:148): Warning: missing </ul> before </div> prophet_xgboost_predict_impl.html:54:1 (prophet_xgboost_predict_impl.Rd:14): Warning: missing </ul> before </div> smooth_fit_impl.html:100:1 (smooth_fit_impl.Rd:44): Warning: missing </ul> before </div> smooth_predict_impl.html:54:1 (smooth_predict_impl.Rd:14): Warning: missing </ul> before </div> snaive_fit_impl.html:62:1 (snaive_fit_impl.Rd:18): Warning: missing </ul> before </div> snaive_predict_impl.html:50:1 (snaive_predict_impl.Rd:12): Warning: missing </ul> before </div> stlm_arima_fit_impl.html:76:1 (stlm_arima_fit_impl.Rd:30): Warning: missing </ul> before </div> stlm_arima_predict_impl.html:54:1 (stlm_arima_predict_impl.Rd:14): Warning: missing </ul> before </div> stlm_ets_fit_impl.html:76:1 (stlm_ets_fit_impl.Rd:30): Warning: missing </ul> before </div> stlm_ets_predict_impl.html:54:1 (stlm_ets_predict_impl.Rd:14): Warning: missing </ul> before </div> tbats_fit_impl.html:81:1 (tbats_fit_impl.Rd:33): Warning: missing </ul> before </div> tbats_predict_impl.html:54:1 (tbats_predict_impl.Rd:14): Warning: missing </ul> before </div> temporal_hier_fit_impl.html:74:1 (temporal_hier_fit_impl.Rd:28): Warning: missing </ul> before </div> temporal_hier_predict_impl.html:54:1 (temporal_hier_predict_impl.Rd:14): Warning: missing </ul> before </div> theta_fit_impl.html:54:1 (theta_fit_impl.Rd:14): Warning: missing </ul> before </div> theta_predict_impl.html:54:1 (theta_predict_impl.Rd:14): Warning: missing </ul> before </div> window_function_fit_impl.html:74:1 (window_function_fit_impl.Rd:28): Warning: missing </ul> before </div> window_function_predict_impl.html:50:1 (window_function_predict_impl.Rd:12): Warning: missing </ul> before </div> xgboost_impl.html:135:1 (xgboost_impl.Rd:71): Warning: missing </ul> before </div> xgboost_predict.html:54:1 (xgboost_predict.Rd:14): Warning: missing </ul> before </div> Flavors: r-devel-linux-x86_64-debian-clang, r-devel-linux-x86_64-debian-gcc