Last updated on 2025-10-24 11:50:51 CEST.
| Flavor | Version | Tinstall | Tcheck | Ttotal | Status | Flags |
|---|---|---|---|---|---|---|
| r-devel-linux-x86_64-debian-clang | 1.2.1 | 5.93 | 90.69 | 96.62 | NOTE | |
| r-devel-linux-x86_64-debian-gcc | 1.2.1 | 3.68 | 60.86 | 64.54 | NOTE | |
| r-devel-linux-x86_64-fedora-clang | 1.2.1 | 18.00 | 133.61 | 151.61 | NOTE | |
| r-devel-linux-x86_64-fedora-gcc | 1.2.1 | 11.00 | 139.79 | 150.79 | NOTE | |
| r-devel-windows-x86_64 | 1.2.1 | 7.00 | 98.00 | 105.00 | NOTE | |
| r-patched-linux-x86_64 | 1.2.1 | 6.18 | 80.88 | 87.06 | NOTE | |
| r-release-linux-x86_64 | 1.2.1 | 4.83 | 82.90 | 87.73 | NOTE | |
| r-release-macos-arm64 | 1.2.1 | 2.00 | 44.00 | 46.00 | NOTE | |
| r-release-macos-x86_64 | 1.2.1 | 4.00 | 91.00 | 95.00 | NOTE | |
| r-release-windows-x86_64 | 1.2.1 | 9.00 | 97.00 | 106.00 | NOTE | |
| r-oldrel-macos-arm64 | 1.2.1 | 3.00 | 53.00 | 56.00 | NOTE | |
| r-oldrel-macos-x86_64 | 1.2.1 | 7.00 | 93.00 | 100.00 | NOTE | |
| r-oldrel-windows-x86_64 | 1.2.1 | 10.00 | 130.00 | 140.00 | NOTE |
Version: 1.2.1
Check: Rd files
Result: NOTE
checkRd: (-1) circ_dist.Rd:21: Lost braces; missing escapes or markup?
21 | The distance between two observations {i} and {j} of a circular variable {q}
| ^
checkRd: (-1) circ_dist.Rd:21: Lost braces; missing escapes or markup?
21 | The distance between two observations {i} and {j} of a circular variable {q}
| ^
checkRd: (-1) circ_dist.Rd:21: Lost braces; missing escapes or markup?
21 | The distance between two observations {i} and {j} of a circular variable {q}
| ^
Flavors: r-devel-linux-x86_64-debian-clang, r-devel-linux-x86_64-debian-gcc, r-devel-linux-x86_64-fedora-clang, r-devel-linux-x86_64-fedora-gcc, r-devel-windows-x86_64, r-patched-linux-x86_64, r-release-linux-x86_64, r-release-macos-arm64, r-release-macos-x86_64, r-release-windows-x86_64, r-oldrel-macos-arm64, r-oldrel-macos-x86_64, r-oldrel-windows-x86_64