Last updated on 2025-10-21 17:49:54 CEST.
Flavor | Version | Tinstall | Tcheck | Ttotal | Status | Flags |
---|---|---|---|---|---|---|
r-devel-linux-x86_64-debian-clang | 0.0.6 | 25.36 | 126.91 | 152.27 | OK | |
r-devel-linux-x86_64-debian-gcc | 0.0.6 | 18.64 | 87.16 | 105.80 | OK | |
r-devel-linux-x86_64-fedora-clang | 0.0.6 | 55.00 | 181.03 | 236.03 | OK | |
r-devel-linux-x86_64-fedora-gcc | 0.0.6 | 57.00 | 167.76 | 224.76 | OK | |
r-devel-windows-x86_64 | 0.0.6 | 45.00 | 154.00 | 199.00 | OK | |
r-patched-linux-x86_64 | 0.0.6 | 24.87 | 115.55 | 140.42 | OK | |
r-release-linux-x86_64 | 0.0.6 | 25.47 | 115.31 | 140.78 | OK | |
r-release-macos-arm64 | 0.0.6 | 10.00 | 40.00 | 50.00 | OK | |
r-release-macos-x86_64 | 0.0.6 | 27.00 | 90.00 | 117.00 | OK | |
r-release-windows-x86_64 | 0.0.6 | 44.00 | 158.00 | 202.00 | OK | |
r-oldrel-macos-arm64 | 0.0.6 | 7.00 | 38.00 | 45.00 | NOTE | |
r-oldrel-macos-x86_64 | 0.0.6 | 28.00 | 97.00 | 125.00 | NOTE | |
r-oldrel-windows-x86_64 | 0.0.6 | 58.00 | 212.00 | 270.00 | OK |
Version: 0.0.6
Check: installed package size
Result: NOTE
installed size is 6.0Mb
sub-directories of 1Mb or more:
libs 3.7Mb
theo 1.1Mb
Flavors: r-oldrel-macos-arm64, r-oldrel-macos-x86_64