Last updated on 2025-10-21 11:53:31 CEST.
Flavor | Version | Tinstall | Tcheck | Ttotal | Status | Flags |
---|---|---|---|---|---|---|
r-devel-linux-x86_64-debian-clang | 0.3.1 | 6.06 | 73.56 | 79.62 | NOTE | |
r-devel-linux-x86_64-debian-gcc | 0.3.1 | 4.41 | 52.97 | 57.38 | NOTE | |
r-devel-linux-x86_64-fedora-clang | 0.3.1 | 121.95 | OK | |||
r-devel-linux-x86_64-fedora-gcc | 0.3.1 | 13.00 | 115.16 | 128.16 | OK | |
r-devel-windows-x86_64 | 0.3.1 | 8.00 | 90.00 | 98.00 | OK | |
r-patched-linux-x86_64 | 0.3.1 | 6.54 | 67.71 | 74.25 | OK | |
r-release-linux-x86_64 | 0.3.1 | 6.03 | 68.13 | 74.16 | OK | |
r-release-macos-arm64 | 0.3.1 | 75.00 | OK | |||
r-release-macos-x86_64 | 0.3.1 | 5.00 | 70.00 | 75.00 | OK | |
r-release-windows-x86_64 | 0.3.1 | 10.00 | 90.00 | 100.00 | OK | |
r-oldrel-macos-arm64 | 0.3.1 | 38.00 | OK | |||
r-oldrel-macos-x86_64 | 0.3.1 | 62.00 | OK | |||
r-oldrel-windows-x86_64 | 0.3.1 | 11.00 | 111.00 | 122.00 | OK |
Version: 0.3.1
Check: CRAN incoming feasibility
Result: NOTE
Maintainer: ‘Keon-Woong Moon <cardiomoon@gmail.com>’
Package CITATION file contains call(s) to old-style citEntry(). Please
use bibentry() instead.
Flavors: r-devel-linux-x86_64-debian-clang, r-devel-linux-x86_64-debian-gcc
Version: 0.3.1
Check: HTML version of manual
Result: NOTE
Found the following HTML validation problems:
addLabelDf.html:50:1 (addLabelDf.Rd:12): Warning: missing </ul> before </div>
cat.test.html:54:1 (cat.test.Rd:14): Warning: missing </ul> before </div>
cbind.mytable.html:55:1 (cbind.mytable.Rd:14): Warning: missing </ul> before </div>
centerprint.html:55:1 (centerprint.Rd:14): Warning: missing </ul> before </div>
changeColnameLabel.html:46:1 (changeColnameLabel.Rd:10): Warning: missing </ul> before </div>
comma.html:50:1 (comma.Rd:12): Warning: missing </ul> before </div>
deleteRows.html:50:1 (deleteRows.Rd:12): Warning: missing </ul> before </div>
extractKind.html:46:1 (extractKind.Rd:10): Warning: missing </ul> before </div>
getLabel.html:54:1 (getLabel.Rd:14): Warning: missing </ul> before </div>
my.chisq.test.html:76:1 (my.chisq.test.Rd:25): Warning: missing </ul> before </div>
my.t.test.html:51:1 (my.t.test.Rd:12): Warning: missing </ul> before </div>
mytable_sub2.html:89:1 (mytable_sub2.Rd:36): Warning: missing </ul> before </div>
num_summary.html:47:1 (num_summary.Rd:10): Warning: missing </ul> before </div>
obj2linecount.html:47:1 (obj2linecount.Rd:10): Warning: missing </ul> before </div>
p2sig.html:47:1 (p2sig.Rd:10): Warning: missing </ul> before </div>
print.cbind.mytable.html:51:1 (print.cbind.mytable.Rd:12): Warning: missing </ul> before </div>
print.mytable.html:51:1 (print.mytable.Rd:12): Warning: missing </ul> before </div>
print.mytable.df.html:51:1 (print.mytable.df.Rd:12): Warning: missing </ul> before </div>
printmytable2.html:51:1 (printmytable2.Rd:12): Warning: missing </ul> before </div>
r.html:46:1 (r.Rd:10): Warning: missing </ul> before </div>
reprint.html:51:1 (reprint.Rd:12): Warning: missing </ul> before </div>
space.html:47:1 (space.Rd:10): Warning: missing </ul> before </div>
Flavors: r-devel-linux-x86_64-debian-clang, r-devel-linux-x86_64-debian-gcc