Last updated on 2025-10-21 11:53:31 CEST.
Flavor | Version | Tinstall | Tcheck | Ttotal | Status | Flags |
---|---|---|---|---|---|---|
r-devel-linux-x86_64-debian-clang | 0.6.4 | 17.04 | 196.79 | 213.83 | NOTE | |
r-devel-linux-x86_64-debian-gcc | 0.6.4 | 12.54 | 133.86 | 146.40 | NOTE | |
r-devel-linux-x86_64-fedora-clang | 0.6.4 | 339.12 | OK | |||
r-devel-linux-x86_64-fedora-gcc | 0.6.4 | 33.00 | 291.99 | 324.99 | OK | |
r-devel-windows-x86_64 | 0.6.4 | 21.00 | 190.00 | 211.00 | OK | |
r-patched-linux-x86_64 | 0.6.4 | 14.19 | 184.87 | 199.06 | OK | |
r-release-linux-x86_64 | 0.6.4 | 14.50 | 181.38 | 195.88 | OK | |
r-release-macos-arm64 | 0.6.4 | 83.00 | OK | |||
r-release-macos-x86_64 | 0.6.4 | 15.00 | 148.00 | 163.00 | OK | |
r-release-windows-x86_64 | 0.6.4 | 19.00 | 185.00 | 204.00 | OK | |
r-oldrel-macos-arm64 | 0.6.4 | 64.00 | OK | |||
r-oldrel-macos-x86_64 | 0.6.4 | 120.00 | OK | |||
r-oldrel-windows-x86_64 | 0.6.4 | 27.00 | 241.00 | 268.00 | OK |
Version: 0.6.4
Check: CRAN incoming feasibility
Result: NOTE
Maintainer: ‘Daniel Kaplan <kaplan@macalester.edu>’
No Authors@R field in DESCRIPTION.
Please add one, modifying
Authors@R: c(person(given = c("Daniel", "T."),
family = "Kaplan",
role = "aut",
email = "kaplan@macalester.edu"),
person(given = "Randall",
family = "Pruim",
role = "aut",
email = "rpruim@calvin.edu"),
person(given = c("Nicholas", "J."),
family = "Horton",
role = "aut",
email = "nhorton@amherst.edu"),
person(given = "Daniel",
family = "Kaplan",
role = "cre",
email = "kaplan@macalester.edu"))
as necessary.
Flavors: r-devel-linux-x86_64-debian-clang, r-devel-linux-x86_64-debian-gcc
Version: 0.6.4
Check: HTML version of manual
Result: NOTE
Found the following HTML validation problems:
PE_fun1.html:48:1 (PE_fun1.Rd:13): Warning: missing </ul> before </div>
Picket.html:58:1 (Picket.Rd:18): Warning: missing </ul> before </div>
infer_RHS.html:55:1 (infer_RHS.Rd:16): Warning: missing </ul> before </div>
inline.html:66:1 (inline.Rd:24): Warning: missing </ul> before </div>
simpleYacasIntegrate.html:50:1 (simpleYacasIntegrate.Rd:12): Warning: missing </ul> before </div>
unbound.html:54:1 (unbound.Rd:15): Warning: missing </ul> before </div>
vector_arg.html:50:1 (vector_arg.Rd:12): Warning: missing </ul> before </div>
Flavors: r-devel-linux-x86_64-debian-clang, r-devel-linux-x86_64-debian-gcc