CRAN Package Check Results for Package mp

Last updated on 2025-10-21 23:51:01 CEST.

Flavor Version Tinstall Tcheck Ttotal Status Flags
r-devel-linux-x86_64-debian-clang 0.4.1 40.98 25.32 66.30 NOTE
r-devel-linux-x86_64-debian-gcc 0.4.1 23.91 19.80 43.71 NOTE
r-devel-linux-x86_64-fedora-clang 0.4.1 176.00 -47.54 128.46 NOTE
r-devel-linux-x86_64-fedora-gcc 0.4.1 53.00 50.56 103.56 NOTE
r-devel-windows-x86_64 0.4.1 47.00 62.00 109.00 OK
r-patched-linux-x86_64 0.4.1 39.11 24.20 63.31 OK
r-release-linux-x86_64 0.4.1 37.82 24.12 61.94 OK
r-release-macos-arm64 0.4.1 15.00 18.00 33.00 OK
r-release-macos-x86_64 0.4.1 15.00 26.00 41.00 OK
r-release-windows-x86_64 0.4.1 46.00 65.00 111.00 OK
r-oldrel-macos-arm64 0.4.1 15.00 15.00 30.00 OK
r-oldrel-macos-x86_64 0.4.1 14.00 22.00 36.00 OK
r-oldrel-windows-x86_64 0.4.1 52.00 74.00 126.00 OK

Check Details

Version: 0.4.1
Check: CRAN incoming feasibility
Result: NOTE Maintainer: ‘Francisco M. Fatore <fmfatore@gmail.com>’ No Authors@R field in DESCRIPTION. Please add one, modifying Authors@R: c(person(given = c("Francisco", "M."), family = "Fatore", role = c("aut", "cre"), email = "fmfatore@gmail.com"), person(given = c("Samuel", "G."), family = "Fadel", role = "aut")) as necessary. Flavors: r-devel-linux-x86_64-debian-clang, r-devel-linux-x86_64-debian-gcc

Version: 0.4.1
Check: compiled code
Result: NOTE File ‘mp/libs/mp.so’: Found no calls to: ‘R_registerRoutines’, ‘R_useDynamicSymbols’ It is good practice to register native routines and to disable symbol search. See ‘Writing portable packages’ in the ‘Writing R Extensions’ manual. Flavors: r-devel-linux-x86_64-fedora-clang, r-devel-linux-x86_64-fedora-gcc