Last updated on 2025-10-21 11:53:31 CEST.
Flavor | Version | Tinstall | Tcheck | Ttotal | Status | Flags |
---|---|---|---|---|---|---|
r-devel-linux-x86_64-debian-clang | 0.1.0 | 6.48 | 72.01 | 78.49 | NOTE | |
r-devel-linux-x86_64-debian-gcc | 0.1.0 | 4.97 | 53.14 | 58.11 | NOTE | |
r-devel-linux-x86_64-fedora-clang | 0.1.0 | 125.11 | OK | |||
r-devel-linux-x86_64-fedora-gcc | 0.1.0 | 16.00 | 98.27 | 114.27 | OK | |
r-devel-windows-x86_64 | 0.1.0 | 9.00 | 89.00 | 98.00 | OK | |
r-patched-linux-x86_64 | 0.1.0 | 8.12 | 66.17 | 74.29 | OK | |
r-release-linux-x86_64 | 0.1.0 | 7.31 | 67.33 | 74.64 | OK | |
r-release-macos-arm64 | 0.1.0 | 35.00 | OK | |||
r-release-macos-x86_64 | 0.1.0 | 6.00 | 59.00 | 65.00 | OK | |
r-release-windows-x86_64 | 0.1.0 | 10.00 | 94.00 | 104.00 | OK | |
r-oldrel-macos-arm64 | 0.1.0 | 41.00 | OK | |||
r-oldrel-macos-x86_64 | 0.1.0 | 53.00 | OK | |||
r-oldrel-windows-x86_64 | 0.1.0 | 11.00 | 112.00 | 123.00 | OK |
Version: 0.1.0
Check: CRAN incoming feasibility
Result: NOTE
Maintainer: ‘Phuc H. Nguyen <phuc.nguyen.rcran@gmail.com>’
The Description field contains
Nguyen et al. (2022) <arXiv:2209.08036>.
Please refer to arXiv e-prints via their arXiv DOI <doi:10.48550/arXiv.YYMM.NNNNN>.
Flavors: r-devel-linux-x86_64-debian-clang, r-devel-linux-x86_64-debian-gcc
Version: 0.1.0
Check: HTML version of manual
Result: NOTE
Found the following HTML validation problems:
rsq2snr.html:46:1 (rsq2snr.Rd:10): Warning: missing </ul> before </div>
set_value.html:54:1 (set_value.Rd:14): Warning: missing </ul> before </div>
Flavors: r-devel-linux-x86_64-debian-clang, r-devel-linux-x86_64-debian-gcc