Last updated on 2025-10-21 23:51:01 CEST.
Flavor | Version | Tinstall | Tcheck | Ttotal | Status | Flags |
---|---|---|---|---|---|---|
r-devel-linux-x86_64-debian-clang | 3.0.1 | 19.08 | 131.69 | 150.77 | NOTE | |
r-devel-linux-x86_64-debian-gcc | 3.0.1 | 12.48 | 90.05 | 102.53 | NOTE | |
r-devel-linux-x86_64-fedora-clang | 3.0.1 | 58.00 | 175.77 | 233.77 | OK | |
r-devel-linux-x86_64-fedora-gcc | 3.0.1 | 40.00 | 179.17 | 219.17 | OK | |
r-devel-windows-x86_64 | 3.0.1 | 21.00 | 145.00 | 166.00 | OK | |
r-patched-linux-x86_64 | 3.0.1 | 20.52 | 124.69 | 145.21 | OK | |
r-release-linux-x86_64 | 3.0.1 | 18.89 | 125.96 | 144.85 | OK | |
r-release-macos-arm64 | 3.0.1 | 8.00 | 45.00 | 53.00 | OK | |
r-release-macos-x86_64 | 3.0.1 | 16.00 | 94.00 | 110.00 | OK | |
r-release-windows-x86_64 | 3.0.1 | 22.00 | 147.00 | 169.00 | OK | |
r-oldrel-macos-arm64 | 3.0.1 | 8.00 | 47.00 | 55.00 | OK | |
r-oldrel-macos-x86_64 | 3.0.1 | 17.00 | 96.00 | 113.00 | OK | |
r-oldrel-windows-x86_64 | 3.0.1 | 28.00 | 180.00 | 208.00 | OK |
Version: 3.0.1
Check: HTML version of manual
Result: NOTE
Found the following HTML validation problems:
logisticdetfct.html:62:1 (logisticdetfct.Rd:20): Warning: missing </ul> before </div>
Flavors: r-devel-linux-x86_64-debian-clang, r-devel-linux-x86_64-debian-gcc