Last updated on 2025-10-25 00:49:43 CEST.
| Flavor | Version | Tinstall | Tcheck | Ttotal | Status | Flags |
|---|---|---|---|---|---|---|
| r-devel-linux-x86_64-debian-clang | 1.0.17 | 76.52 | 119.56 | 196.08 | OK | |
| r-devel-linux-x86_64-debian-gcc | 1.0.17 | 51.74 | 84.88 | 136.62 | OK | |
| r-devel-linux-x86_64-fedora-clang | 1.0.17 | 163.00 | 172.77 | 335.77 | OK | |
| r-devel-linux-x86_64-fedora-gcc | 1.0.17 | 153.00 | 158.79 | 311.79 | OK | |
| r-devel-windows-x86_64 | 1.0.17 | 88.00 | 147.00 | 235.00 | OK | |
| r-patched-linux-x86_64 | 1.0.17 | 76.03 | 115.09 | 191.12 | OK | |
| r-release-linux-x86_64 | 1.0.17 | 71.08 | 114.52 | 185.60 | OK | |
| r-release-macos-arm64 | 1.0.17 | 33.00 | 46.00 | 79.00 | OK | |
| r-release-macos-x86_64 | 1.0.17 | 31.00 | 81.00 | 112.00 | OK | |
| r-release-windows-x86_64 | 1.0.17 | 89.00 | 154.00 | 243.00 | OK | |
| r-oldrel-macos-arm64 | 1.0.17 | 34.00 | 45.00 | 79.00 | NOTE | |
| r-oldrel-macos-x86_64 | 1.0.17 | 26.00 | 64.00 | 90.00 | NOTE | |
| r-oldrel-windows-x86_64 | 1.0.17 | 104.00 | 189.00 | 293.00 | OK |
Version: 1.0.17
Check: installed package size
Result: NOTE
installed size is 14.1Mb
sub-directories of 1Mb or more:
data 1.6Mb
libs 12.1Mb
Flavors: r-oldrel-macos-arm64, r-oldrel-macos-x86_64