Last updated on 2025-10-21 17:49:54 CEST.
Flavor | Version | Tinstall | Tcheck | Ttotal | Status | Flags |
---|---|---|---|---|---|---|
r-devel-linux-x86_64-debian-clang | 2.1.3 | 2.31 | 27.21 | 29.52 | NOTE | |
r-devel-linux-x86_64-debian-gcc | 2.1.3 | 1.76 | 21.39 | 23.15 | NOTE | |
r-devel-linux-x86_64-fedora-clang | 2.1.3 | 43.40 | OK | |||
r-devel-linux-x86_64-fedora-gcc | 2.1.3 | 57.28 | OK | |||
r-devel-windows-x86_64 | 2.1.3 | 3.00 | 45.00 | 48.00 | OK | |
r-patched-linux-x86_64 | 2.1.3 | 2.47 | 25.06 | 27.53 | OK | |
r-release-linux-x86_64 | 2.1.3 | 1.71 | 25.72 | 27.43 | OK | |
r-release-macos-arm64 | 2.1.3 | 1.00 | 23.00 | 24.00 | OK | |
r-release-macos-x86_64 | 2.1.3 | 3.00 | 69.00 | 72.00 | OK | |
r-release-windows-x86_64 | 2.1.3 | 4.00 | 48.00 | 52.00 | OK | |
r-oldrel-macos-arm64 | 2.1.3 | 1.00 | 21.00 | 22.00 | OK | |
r-oldrel-macos-x86_64 | 2.1.3 | 2.00 | 34.00 | 36.00 | OK | |
r-oldrel-windows-x86_64 | 2.1.3 | 4.00 | 53.00 | 57.00 | OK |
Version: 2.1.3
Check: CRAN incoming feasibility
Result: NOTE
Maintainer: ‘Alexander Keyel <skeyel@gmail.com>’
No Authors@R field in DESCRIPTION.
Please add one, modifying
Authors@R: person(given = "Alexander",
family = "Keyel",
role = c("aut", "cre"),
email = "skeyel@gmail.com")
as necessary.
Flavors: r-devel-linux-x86_64-debian-clang, r-devel-linux-x86_64-debian-gcc
Version: 2.1.3
Check: HTML version of manual
Result: NOTE
Found the following HTML validation problems:
calc.mvd.html:59:1 (calc.mvd.Rd:16): Warning: missing </ul> before </div>
calc.mvo.html:50:1 (calc.mvo.Rd:12): Warning: missing </ul> before </div>
check.breaks.html:51:1 (check.breaks.Rd:13): Warning: missing </ul> before </div>
data.preprocess.html:62:1 (data.preprocess.Rd:18): Warning: missing </ul> before </div>
df.categorize.html:50:1 (df.categorize.Rd:12): Warning: missing </ul> before </div>
get.breaks.html:51:1 (get.breaks.Rd:12): Warning: missing </ul> before </div>
get.traitspace.html:59:1 (get.traitspace.Rd:16): Warning: missing </ul> before </div>
listtotext.html:52:1 (listtotext.Rd:12): Warning: missing </ul> before </div>
make.trait.html:50:1 (make.trait.Rd:12): Warning: missing </ul> before </div>
matrix.check.html:46:1 (matrix.check.Rd:10): Warning: missing </ul> before </div>
plot.sensitivity.html:64:1 (plot.sensitivity.Rd:18): Warning: missing </ul> before </div>
sensitivity.boxplots.html:56:1 (sensitivity.boxplots.Rd:16): Warning: missing </ul> before </div>
utc.sim.html:74:1 (utc.sim.Rd:27): Warning: missing </ul> before </div>
Flavors: r-devel-linux-x86_64-debian-clang, r-devel-linux-x86_64-debian-gcc