Last updated on 2025-10-24 11:50:52 CEST.
| Flavor | Version | Tinstall | Tcheck | Ttotal | Status | Flags |
|---|---|---|---|---|---|---|
| r-devel-linux-x86_64-debian-clang | 0.2.0 | 9.77 | 91.63 | 101.40 | NOTE | |
| r-devel-linux-x86_64-debian-gcc | 0.2.0 | 6.69 | 66.43 | 73.12 | NOTE | |
| r-devel-linux-x86_64-fedora-clang | 0.2.0 | 27.00 | 129.92 | 156.92 | NOTE | |
| r-devel-linux-x86_64-fedora-gcc | 0.2.0 | 19.00 | 143.12 | 162.12 | NOTE | |
| r-devel-windows-x86_64 | 0.2.0 | 11.00 | 105.00 | 116.00 | NOTE | |
| r-patched-linux-x86_64 | 0.2.0 | 9.88 | 85.86 | 95.74 | NOTE | |
| r-release-linux-x86_64 | 0.2.0 | 9.86 | 86.05 | 95.91 | NOTE | |
| r-release-macos-arm64 | 0.2.0 | 4.00 | 53.00 | 57.00 | NOTE | |
| r-release-macos-x86_64 | 0.2.0 | 9.00 | 96.00 | 105.00 | NOTE | |
| r-release-windows-x86_64 | 0.2.0 | 11.00 | 104.00 | 115.00 | NOTE | |
| r-oldrel-macos-arm64 | 0.2.0 | 4.00 | 45.00 | 49.00 | OK | |
| r-oldrel-macos-x86_64 | 0.2.0 | 7.00 | 67.00 | 74.00 | OK | |
| r-oldrel-windows-x86_64 | 0.2.0 | 14.00 | 134.00 | 148.00 | OK |
Version: 0.2.0
Check: DESCRIPTION meta-information
Result: NOTE
Missing dependency on R >= 4.1.0 because package code uses the pipe
|> or function shorthand \(...) syntax added in R 4.1.0.
File(s) using such syntax:
‘concat_pre_processors.Rd’
Flavors: r-devel-linux-x86_64-debian-clang, r-devel-linux-x86_64-debian-gcc, r-devel-linux-x86_64-fedora-clang, r-devel-linux-x86_64-fedora-gcc, r-devel-windows-x86_64, r-patched-linux-x86_64, r-release-linux-x86_64, r-release-macos-arm64, r-release-macos-x86_64, r-release-windows-x86_64