CRAN Package Check Results for Package mvDFA

Last updated on 2025-10-22 23:50:03 CEST.

Flavor Version Tinstall Tcheck Ttotal Status Flags
r-devel-linux-x86_64-debian-clang 0.0.4 8.40 83.26 91.66 NOTE
r-devel-linux-x86_64-debian-gcc 0.0.4 5.97 61.41 67.38 NOTE
r-devel-linux-x86_64-fedora-clang 0.0.4 21.00 121.40 142.40 NOTE
r-devel-linux-x86_64-fedora-gcc 0.0.4 18.00 135.30 153.30 NOTE
r-devel-windows-x86_64 0.0.4 8.00 90.00 98.00 NOTE
r-patched-linux-x86_64 0.0.4 7.58 80.66 88.24 NOTE
r-release-linux-x86_64 0.0.4 7.35 80.21 87.56 NOTE
r-release-macos-arm64 0.0.4 5.00 53.00 58.00 NOTE
r-release-macos-x86_64 0.0.4 13.00 124.00 137.00 NOTE
r-release-windows-x86_64 0.0.4 9.00 92.00 101.00 NOTE
r-oldrel-macos-arm64 0.0.4 4.00 44.00 48.00 OK
r-oldrel-macos-x86_64 0.0.4 6.00 69.00 75.00 OK
r-oldrel-windows-x86_64 0.0.4 12.00 114.00 126.00 OK

Check Details

Version: 0.0.4
Check: DESCRIPTION meta-information
Result: NOTE Missing dependency on R >= 4.1.0 because package code uses the pipe |> or function shorthand \(...) syntax added in R 4.1.0. File(s) using such syntax: ‘DFA.R’ ‘mvDFA.R’ ‘simulate_Lorenz_noise.R’ Flavors: r-devel-linux-x86_64-debian-clang, r-devel-linux-x86_64-debian-gcc, r-devel-linux-x86_64-fedora-clang, r-devel-linux-x86_64-fedora-gcc, r-devel-windows-x86_64, r-patched-linux-x86_64, r-release-linux-x86_64, r-release-macos-arm64, r-release-macos-x86_64, r-release-windows-x86_64